{"id":8420,"date":"2025-06-20T17:32:56","date_gmt":"2025-06-20T21:32:56","guid":{"rendered":"https:\/\/www.multicasa.com.br\/inicio\/?post_type=product&#038;p=8420"},"modified":"2025-06-20T17:33:21","modified_gmt":"2025-06-20T21:33:21","slug":"kit-de-cestos-organizadores-de-plastico-sanremo-leve-4-pague-3-16l","status":"publish","type":"product","link":"https:\/\/www.multicasa.com.br\/inicio\/produto\/kit-de-cestos-organizadores-de-plastico-sanremo-leve-4-pague-3-16l\/","title":{"rendered":"Kit de Cestos Organizadores de Pl\u00e1stico Sanremo Leve 4 Pague 3 &#8211; 1,6L"},"content":{"rendered":"<p>O Jogo de Cestos Organizadores de Pl\u00e1stico Incolor da Sanremo \u00e9 composto por 4 unidades com capacidade de 1,6 litros para arrumar seus acess\u00f3rios na cozinha, banheiro, quarto e escrit\u00f3rio como voc\u00ea quiser. Ideais para voc\u00ea ter \u00e0 vista aquilo que voc\u00ea mais usa e para transportar sem dificuldades, seus cestos organizadores medem 6,2&#215;19,8&#215;19,0cm. Nesta embalagem promocional, leve 4 e pague 3.<\/p>\n","protected":false},"excerpt":{"rendered":"<h4 style=\"margin: 0px;padding: 0px 0px 16px;font-family: Lato, sans-serif;font-weight: bold;line-height: 3rem;color: var(--dark-grey3);font-size: 22px;font-style: normal;letter-spacing: normal;text-align: start;text-indent: 0px;text-transform: none\">Informa\u00e7\u00f5es t\u00e9cnicas<\/h4>\n<p><span style=\"margin: 0px;padding: 0px;font-weight: 450;font-size: 14px;line-height: 21px;color: var(--dark-grey2);font-family: Lato, sans-serif;font-style: normal;letter-spacing: normal;text-align: start;text-indent: 0px;text-transform: none\">Produto: Kit de Cestos Organizadores<br \/>\nMarca: Sanremo<br \/>\nMaterial: Pl\u00e1stico<br \/>\nCapacidade: 1,6L<br \/>\nUso Indicado: Closet, banheiros, lavanderias, dispensas e entre outros<br \/>\nItens Inclusos: 1 Kit de cestos organizadores<br \/>\nDimens\u00f5es do produto (A x L x P): 6,2 x 19,8 x 19,0cm<\/span><\/p>\n","protected":false},"featured_media":8473,"template":"","meta":{"_joinchat":[]},"product_brand":[],"product_cat":[98],"product_tag":[],"class_list":{"0":"post-8420","1":"product","2":"type-product","3":"status-publish","4":"has-post-thumbnail","6":"product_cat-organizadores","8":"first","9":"outofstock","10":"shipping-taxable","11":"product-type-simple"},"_links":{"self":[{"href":"https:\/\/www.multicasa.com.br\/inicio\/wp-json\/wp\/v2\/product\/8420","targetHints":{"allow":["GET"]}}],"collection":[{"href":"https:\/\/www.multicasa.com.br\/inicio\/wp-json\/wp\/v2\/product"}],"about":[{"href":"https:\/\/www.multicasa.com.br\/inicio\/wp-json\/wp\/v2\/types\/product"}],"wp:featuredmedia":[{"embeddable":true,"href":"https:\/\/www.multicasa.com.br\/inicio\/wp-json\/wp\/v2\/media\/8473"}],"wp:attachment":[{"href":"https:\/\/www.multicasa.com.br\/inicio\/wp-json\/wp\/v2\/media?parent=8420"}],"wp:term":[{"taxonomy":"product_brand","embeddable":true,"href":"https:\/\/www.multicasa.com.br\/inicio\/wp-json\/wp\/v2\/product_brand?post=8420"},{"taxonomy":"product_cat","embeddable":true,"href":"https:\/\/www.multicasa.com.br\/inicio\/wp-json\/wp\/v2\/product_cat?post=8420"},{"taxonomy":"product_tag","embeddable":true,"href":"https:\/\/www.multicasa.com.br\/inicio\/wp-json\/wp\/v2\/product_tag?post=8420"}],"curies":[{"name":"wp","href":"https:\/\/api.w.org\/{rel}","templated":true}]}}