{"id":8426,"date":"2025-06-20T17:32:57","date_gmt":"2025-06-20T21:32:57","guid":{"rendered":"https:\/\/www.multicasa.com.br\/inicio\/?post_type=product&#038;p=8426"},"modified":"2025-10-31T10:48:07","modified_gmt":"2025-10-31T14:48:07","slug":"kit-saco-a-vacuo-protetor-vac-bag-com-bomba-ordene-4-unidades","status":"publish","type":"product","link":"https:\/\/www.multicasa.com.br\/inicio\/produto\/kit-saco-a-vacuo-protetor-vac-bag-com-bomba-ordene-4-unidades\/","title":{"rendered":"Kit Saco \u00e0 V\u00e1cuo Protetor Vac Bag Com Bomba Ordene 4 unidades"},"content":{"rendered":"<p>O Kit de sacos \u00e0 v\u00e1cuo protetores Vac Bag da Ordene \u00e9 composto por 3 unidades do vac bag sendo 2 grandes e 1 m\u00e9dio, e 1 bomba de suc\u00e7\u00e3o que s\u00e3o ideais para guardar e arrumar suas roupas pessoais, de cama, mesa ou banho. Imperme\u00e1vel e reutiliz\u00e1vel, o saco \u00e0 v\u00e1cuo \u00e9 ideal para ser levado em viagens e proteger suas pe\u00e7as do p\u00f3, odor e umidade. Reduz o volume em at\u00e9 75%.<\/p>\n","protected":false},"excerpt":{"rendered":"<h4 style=\"margin: 0px;padding: 0px 0px 16px;font-family: Lato, sans-serif;font-weight: bold;line-height: 3rem;color: var(--dark-grey3);font-size: 22px;font-style: normal;letter-spacing: normal;text-align: start;text-indent: 0px;text-transform: none\">Informa\u00e7\u00f5es t\u00e9cnicas<\/h4>\n<p><span style=\"margin: 0px;padding: 0px;font-weight: 450;font-size: 14px;line-height: 21px;color: var(--dark-grey2);font-family: Lato, sans-serif;font-style: normal;letter-spacing: normal;text-align: start;text-indent: 0px;text-transform: none\">Produto: Saco organizador \u00e0 v\u00e1cuo<br \/>\nMarca: Ordene<br \/>\nMaterial: Polietileno<br \/>\nCaracter\u00edsticas: Transparente, imperme\u00e1vel, reduz o volume em at\u00e9 75% , re\u00fatiliz\u00e1vel<br \/>\nQuantidade de pe\u00e7as: 4<br \/>\nItens inclusos: 1 saco organizador \u00e0 v\u00e1cuo m\u00e9dio, 2 sacos organizadores a v\u00e1cuo m\u00e9dio grandes e 1 bomba de v\u00e1cuo<br \/>\nDimens\u00f5es do produto (L X P): M\u00e9dio &#8211; 65 x 45cm , Grande &#8211; 90 x 55cm<\/span><\/p>\n","protected":false},"featured_media":8482,"template":"","meta":{"_joinchat":[]},"product_brand":[],"product_cat":[98],"product_tag":[],"class_list":{"0":"post-8426","1":"product","2":"type-product","3":"status-publish","4":"has-post-thumbnail","6":"product_cat-organizadores","8":"first","9":"outofstock","10":"shipping-taxable","11":"purchasable","12":"product-type-simple"},"_links":{"self":[{"href":"https:\/\/www.multicasa.com.br\/inicio\/wp-json\/wp\/v2\/product\/8426","targetHints":{"allow":["GET"]}}],"collection":[{"href":"https:\/\/www.multicasa.com.br\/inicio\/wp-json\/wp\/v2\/product"}],"about":[{"href":"https:\/\/www.multicasa.com.br\/inicio\/wp-json\/wp\/v2\/types\/product"}],"wp:featuredmedia":[{"embeddable":true,"href":"https:\/\/www.multicasa.com.br\/inicio\/wp-json\/wp\/v2\/media\/8482"}],"wp:attachment":[{"href":"https:\/\/www.multicasa.com.br\/inicio\/wp-json\/wp\/v2\/media?parent=8426"}],"wp:term":[{"taxonomy":"product_brand","embeddable":true,"href":"https:\/\/www.multicasa.com.br\/inicio\/wp-json\/wp\/v2\/product_brand?post=8426"},{"taxonomy":"product_cat","embeddable":true,"href":"https:\/\/www.multicasa.com.br\/inicio\/wp-json\/wp\/v2\/product_cat?post=8426"},{"taxonomy":"product_tag","embeddable":true,"href":"https:\/\/www.multicasa.com.br\/inicio\/wp-json\/wp\/v2\/product_tag?post=8426"}],"curies":[{"name":"wp","href":"https:\/\/api.w.org\/{rel}","templated":true}]}}

Kit Saco à Vácuo Protetor Vac Bag Com Bomba Ordene 4 unidades

<p>O Kit de sacos à vácuo protetores Vac Bag da Ordene é composto por 3 unidades do vac bag sendo 2 grandes e 1 médio, e 1 bomba de sucção que são ideais para guardar e arrumar suas roupas pessoais, de cama, mesa ou banho. Impermeável e reutilizável, o saco à vácuo é ideal para ser levado em viagens e proteger suas peças do pó, odor e umidade. Reduz o volume em até 75%.</p>

<h4 style="margin: 0px;padding: 0px 0px 16px;font-family: Lato, sans-serif;font-weight: bold;line-height: 3rem;color: var(--dark-grey3);font-size: 22px;font-style: normal;letter-spacing: normal;text-align: start;text-indent: 0px;text-transform: none">Informações técnicas</h4>
<p><span style="margin: 0px;padding: 0px;font-weight: 450;font-size: 14px;line-height: 21px;color: var(--dark-grey2);font-family: Lato, sans-serif;font-style: normal;letter-spacing: normal;text-align: start;text-indent: 0px;text-transform: none">Produto: Saco organizador à vácuo<br />
Marca: Ordene<br />
Material: Polietileno<br />
Características: Transparente, impermeável, reduz o volume em até 75% , reútilizável<br />
Quantidade de peças: 4<br />
Itens inclusos: 1 saco organizador à vácuo médio, 2 sacos organizadores a vácuo médio grandes e 1 bomba de vácuo<br />
Dimensões do produto (L X P): Médio &#8211; 65 x 45cm , Grande &#8211; 90 x 55cm</span></p>
