{"id":8433,"date":"2025-06-20T17:32:57","date_gmt":"2025-06-20T21:32:57","guid":{"rendered":"https:\/\/www.multicasa.com.br\/inicio\/?post_type=product&#038;p=8433"},"modified":"2025-08-17T19:00:32","modified_gmt":"2025-08-17T23:00:32","slug":"lampada-de-led-bulbo-branca-osram-8w-bivolt","status":"publish","type":"product","link":"https:\/\/www.multicasa.com.br\/inicio\/produto\/lampada-de-led-bulbo-branca-osram-8w-bivolt\/","title":{"rendered":"L\u00e2mpada de Led Bulbo Branca Osram 8W Bivolt"},"content":{"rendered":"<p>Mais econ\u00f4mica e de alta durabilidade, a l\u00e2mpada de LED bulbo branca da Osram \u00e9 \u00f3tima op\u00e7\u00e3o para investir em ilumina\u00e7\u00e3o para sua casa. Bivolt, Com 806 lumens, temperatura de cor em 6500k e 8w de pot\u00eancia, substitui as l\u00e2mpadas incandescentes e pode ser utilizada na cozinha, quarto, sala e em outros c\u00f4modos que voc\u00ea desejar. Compat\u00edvel com soquete E27.<\/p>\n","protected":false},"excerpt":{"rendered":"<h4 style=\"margin: 0px;padding: 0px 0px 16px;font-family: Lato, sans-serif;font-weight: bold;line-height: 3rem;color: var(--dark-grey3);font-size: 22px;font-style: normal;letter-spacing: normal;text-align: start;text-indent: 0px;text-transform: none\">Informa\u00e7\u00f5es t\u00e9cnicas<\/h4>\n<p><span style=\"margin: 0px;padding: 0px;font-weight: 450;font-size: 14px;line-height: 21px;color: var(--dark-grey2);font-family: Lato, sans-serif;font-style: normal;letter-spacing: normal;text-align: start;text-indent: 0px;text-transform: none\">Produto: L\u00e2mpada<br \/>\nMarca: Osram<br \/>\nMaterial: Vidro e pl\u00e1stico<br \/>\nCor: Branca<br \/>\nCor da Luz: Branco<br \/>\nPot\u00eancia: 8w<br \/>\nTens\u00e3o El\u00e9trica: 127 &#8211; 220v<br \/>\nFrequ\u00eancia 50\/60HZ<br \/>\nTemperatura de cor: 6500K<br \/>\nCaracter\u00edsticas: Soquete E27, lumens 806LM, equival\u00eancia Incandescente 60w, com bulbo, IRC 80, vida \u00fatil 25000H, certificado pelo Inmetro<br \/>\nItens Inclusos: 1 L\u00e2mpada<br \/>\nDimens\u00f5es do produto (A X L): 11,2 x 6cm<\/span><\/p>\n","protected":false},"featured_media":8492,"template":"","meta":{"_joinchat":[]},"product_brand":[],"product_cat":[80],"product_tag":[],"class_list":{"0":"post-8433","1":"product","2":"type-product","3":"status-publish","4":"has-post-thumbnail","6":"product_cat-lampadas","8":"first","9":"outofstock","10":"shipping-taxable","11":"purchasable","12":"product-type-simple"},"_links":{"self":[{"href":"https:\/\/www.multicasa.com.br\/inicio\/wp-json\/wp\/v2\/product\/8433","targetHints":{"allow":["GET"]}}],"collection":[{"href":"https:\/\/www.multicasa.com.br\/inicio\/wp-json\/wp\/v2\/product"}],"about":[{"href":"https:\/\/www.multicasa.com.br\/inicio\/wp-json\/wp\/v2\/types\/product"}],"wp:featuredmedia":[{"embeddable":true,"href":"https:\/\/www.multicasa.com.br\/inicio\/wp-json\/wp\/v2\/media\/8492"}],"wp:attachment":[{"href":"https:\/\/www.multicasa.com.br\/inicio\/wp-json\/wp\/v2\/media?parent=8433"}],"wp:term":[{"taxonomy":"product_brand","embeddable":true,"href":"https:\/\/www.multicasa.com.br\/inicio\/wp-json\/wp\/v2\/product_brand?post=8433"},{"taxonomy":"product_cat","embeddable":true,"href":"https:\/\/www.multicasa.com.br\/inicio\/wp-json\/wp\/v2\/product_cat?post=8433"},{"taxonomy":"product_tag","embeddable":true,"href":"https:\/\/www.multicasa.com.br\/inicio\/wp-json\/wp\/v2\/product_tag?post=8433"}],"curies":[{"name":"wp","href":"https:\/\/api.w.org\/{rel}","templated":true}]}}

Lâmpada de Led Bulbo Branca Osram 8W Bivolt

<p>Mais econômica e de alta durabilidade, a lâmpada de LED bulbo branca da Osram é ótima opção para investir em iluminação para sua casa. Bivolt, Com 806 lumens, temperatura de cor em 6500k e 8w de potência, substitui as lâmpadas incandescentes e pode ser utilizada na cozinha, quarto, sala e em outros cômodos que você desejar. Compatível com soquete E27.</p>

<h4 style="margin: 0px;padding: 0px 0px 16px;font-family: Lato, sans-serif;font-weight: bold;line-height: 3rem;color: var(--dark-grey3);font-size: 22px;font-style: normal;letter-spacing: normal;text-align: start;text-indent: 0px;text-transform: none">Informações técnicas</h4>
<p><span style="margin: 0px;padding: 0px;font-weight: 450;font-size: 14px;line-height: 21px;color: var(--dark-grey2);font-family: Lato, sans-serif;font-style: normal;letter-spacing: normal;text-align: start;text-indent: 0px;text-transform: none">Produto: Lâmpada<br />
Marca: Osram<br />
Material: Vidro e plástico<br />
Cor: Branca<br />
Cor da Luz: Branco<br />
Potência: 8w<br />
Tensão Elétrica: 127 &#8211; 220v<br />
Frequência 50/60HZ<br />
Temperatura de cor: 6500K<br />
Características: Soquete E27, lumens 806LM, equivalência Incandescente 60w, com bulbo, IRC 80, vida útil 25000H, certificado pelo Inmetro<br />
Itens Inclusos: 1 Lâmpada<br />
Dimensões do produto (A X L): 11,2 x 6cm</span></p>
