{"id":8567,"date":"2025-06-20T17:34:27","date_gmt":"2025-06-20T21:34:27","guid":{"rendered":"https:\/\/www.multicasa.com.br\/inicio\/?post_type=product&#038;p=8567"},"modified":"2026-04-22T10:00:26","modified_gmt":"2026-04-22T14:00:26","slug":"multi-inseticida-aerossol-straik-400ml","status":"publish","type":"product","link":"https:\/\/www.multicasa.com.br\/inicio\/produto\/multi-inseticida-aerossol-straik-400ml\/","title":{"rendered":"Multi Inseticida Aerossol Straik 400ml"},"content":{"rendered":"<p>O Multi Inseticida Aerossol Straik 400ml \u00e9 eficaz para eliminar insetos como moscas, baratas, formigas e at\u00e9 o mosquito da dengue. Essencial para n\u00e3o causar danos a sa\u00fade de sua fam\u00edlia com sua f\u00f3rmula a base de \u00e1gua. Agitando bem antes de usar, voc\u00ea n\u00e3o precisa ficar cara a cara com os insetos, pois com a press\u00e3o exercida pelo jato o produto chega mais longe, al\u00e9m de permanecer por mais tempo no ar, matando os insetos com total efici\u00eancia no momento e depois da aplica\u00e7\u00e3o.<br \/>\nPara utilizar feche o ambiente, pressione a v\u00e1lvula para ativar o jato e pulverize em todas as dire\u00e7\u00f5es por alguns segundos para uma \u00e1rea de 10 metros quadrados. Pulverize diretamente sobre os insetos rasteiros para obter uma a\u00e7\u00e3o mais r\u00e1pida. <\/p>\n","protected":false},"excerpt":{"rendered":"<h4 style=\"margin: 0px;padding: 0px 0px 16px;font-family: Lato, sans-serif;font-weight: bold;line-height: 3rem;color: var(--dark-grey3);font-size: 22px;font-style: normal;letter-spacing: normal;text-align: start;text-indent: 0px;text-transform: none\">Informa\u00e7\u00f5es t\u00e9cnicas<\/h4>\n<p><span style=\"margin: 0px;padding: 0px;font-weight: 450;font-size: 14px;line-height: 21px;color: var(--dark-grey2);font-family: Lato, sans-serif;font-style: normal;letter-spacing: normal;text-align: start;text-indent: 0px;text-transform: none\">Produto: Multi Inseticida<br \/>\nMarca: Straik &#8211; Dexter<br \/>\nConte\u00fado: 400ml<br \/>\nCaracter\u00edsticas: Produto Aerossol<br \/>\nF\u00f3rmula a base de \u00e1gua<br \/>\nItens Inclusos: 1 Multi Inseticida<br \/>\n<\/span><\/p>\n","protected":false},"featured_media":8621,"template":"","meta":{"_joinchat":[]},"product_brand":[],"product_cat":[132],"product_tag":[],"class_list":{"0":"post-8567","1":"product","2":"type-product","3":"status-publish","4":"has-post-thumbnail","6":"product_cat-inseticidas","8":"first","9":"instock","10":"shipping-taxable","11":"purchasable","12":"product-type-simple"},"_links":{"self":[{"href":"https:\/\/www.multicasa.com.br\/inicio\/wp-json\/wp\/v2\/product\/8567","targetHints":{"allow":["GET"]}}],"collection":[{"href":"https:\/\/www.multicasa.com.br\/inicio\/wp-json\/wp\/v2\/product"}],"about":[{"href":"https:\/\/www.multicasa.com.br\/inicio\/wp-json\/wp\/v2\/types\/product"}],"wp:featuredmedia":[{"embeddable":true,"href":"https:\/\/www.multicasa.com.br\/inicio\/wp-json\/wp\/v2\/media\/8621"}],"wp:attachment":[{"href":"https:\/\/www.multicasa.com.br\/inicio\/wp-json\/wp\/v2\/media?parent=8567"}],"wp:term":[{"taxonomy":"product_brand","embeddable":true,"href":"https:\/\/www.multicasa.com.br\/inicio\/wp-json\/wp\/v2\/product_brand?post=8567"},{"taxonomy":"product_cat","embeddable":true,"href":"https:\/\/www.multicasa.com.br\/inicio\/wp-json\/wp\/v2\/product_cat?post=8567"},{"taxonomy":"product_tag","embeddable":true,"href":"https:\/\/www.multicasa.com.br\/inicio\/wp-json\/wp\/v2\/product_tag?post=8567"}],"curies":[{"name":"wp","href":"https:\/\/api.w.org\/{rel}","templated":true}]}}