{"id":8717,"date":"2025-06-20T17:35:59","date_gmt":"2025-06-20T21:35:59","guid":{"rendered":"https:\/\/www.multicasa.com.br\/inicio\/?post_type=product&#038;p=8717"},"modified":"2026-01-25T08:22:43","modified_gmt":"2026-01-25T12:22:43","slug":"extensao-eletrica-3-tomadas-2pt-branco-vermelho-daneva-10a-5m","status":"publish","type":"product","link":"https:\/\/www.multicasa.com.br\/inicio\/produto\/extensao-eletrica-3-tomadas-2pt-branco-vermelho-daneva-10a-5m\/","title":{"rendered":"Extens\u00e3o El\u00e9trica 3 Tomadas 2P+T Branco\/Vermelho Daneva 10A &#8211; 5m"},"content":{"rendered":"<p>Com a Extens\u00e3o El\u00e9trica Branco e Vermelha Daneva de 3 tomadas 2P+T, voc\u00ea poder\u00e1 ligar seus aparelhos eletroeletr\u00f4nicos onde estiver. Bivolt, com amperagem de 10a e cabo de 5 metros, \u00e9 elaborada de acordo com o novo padr\u00e3o brasileiro de tomadas. A extens\u00e3o el\u00e9trica aumenta o tamanho do cabo de liga\u00e7\u00e3o de aparelhos e alcan\u00e7a outras tomadas e pontos mais distantes. Ideal para quem busca seguran\u00e7a e praticidade.<\/p>\n","protected":false},"excerpt":{"rendered":"<h4 style=\"margin: 0px;padding: 0px 0px 16px;font-family: Lato, sans-serif;font-weight: bold;line-height: 3rem;color: var(--dark-grey3);font-size: 22px;font-style: normal;letter-spacing: normal;text-align: start;text-indent: 0px;text-transform: none\">Informa\u00e7\u00f5es t\u00e9cnicas<\/h4>\n<p><span style=\"margin: 0px;padding: 0px;font-weight: 450;font-size: 14px;line-height: 21px;color: var(--dark-grey2);font-family: Lato, sans-serif;font-style: normal;letter-spacing: normal;text-align: start;text-indent: 0px;text-transform: none\">Produto: Extens\u00e3o El\u00e9trica<br \/>\nMarca: Daneva<br \/>\nMaterial: Polipropileno<br \/>\nCor: Branco e vermelho<br \/>\nTens\u00e3o el\u00e9trica: M\u00e1x 250v<br \/>\nCaracter\u00edsticas: Corrente m\u00e1xima de 10A<br \/>\n3 Tomadas tripolar<br \/>\nSeguindo as normas NBR-13249<br \/>\nPlugue e tomada ABNT NBR NM 60884-1 E NBR 14136<br \/>\nItens inclusos: 1 Extens\u00e3o El\u00e9trica<br \/>\nEspessura: 0,75mm<br \/>\nDimens\u00f5es do produto (C): 5m<br \/>\n<\/span><\/p>\n","protected":false},"featured_media":8794,"template":"","meta":{"_joinchat":[]},"product_brand":[],"product_cat":[120],"product_tag":[],"class_list":{"0":"post-8717","1":"product","2":"type-product","3":"status-publish","4":"has-post-thumbnail","6":"product_cat-extencoes-e-cia","8":"first","9":"instock","10":"shipping-taxable","11":"purchasable","12":"product-type-simple"},"_links":{"self":[{"href":"https:\/\/www.multicasa.com.br\/inicio\/wp-json\/wp\/v2\/product\/8717","targetHints":{"allow":["GET"]}}],"collection":[{"href":"https:\/\/www.multicasa.com.br\/inicio\/wp-json\/wp\/v2\/product"}],"about":[{"href":"https:\/\/www.multicasa.com.br\/inicio\/wp-json\/wp\/v2\/types\/product"}],"wp:featuredmedia":[{"embeddable":true,"href":"https:\/\/www.multicasa.com.br\/inicio\/wp-json\/wp\/v2\/media\/8794"}],"wp:attachment":[{"href":"https:\/\/www.multicasa.com.br\/inicio\/wp-json\/wp\/v2\/media?parent=8717"}],"wp:term":[{"taxonomy":"product_brand","embeddable":true,"href":"https:\/\/www.multicasa.com.br\/inicio\/wp-json\/wp\/v2\/product_brand?post=8717"},{"taxonomy":"product_cat","embeddable":true,"href":"https:\/\/www.multicasa.com.br\/inicio\/wp-json\/wp\/v2\/product_cat?post=8717"},{"taxonomy":"product_tag","embeddable":true,"href":"https:\/\/www.multicasa.com.br\/inicio\/wp-json\/wp\/v2\/product_tag?post=8717"}],"curies":[{"name":"wp","href":"https:\/\/api.w.org\/{rel}","templated":true}]}}

Extensão Elétrica 3 Tomadas 2P+T Branco/Vermelho Daneva 10A &#8211; 5m

<p>Com a Extensão Elétrica Branco e Vermelha Daneva de 3 tomadas 2P+T, você poderá ligar seus aparelhos eletroeletrônicos onde estiver. Bivolt, com amperagem de 10a e cabo de 5 metros, é elaborada de acordo com o novo padrão brasileiro de tomadas. A extensão elétrica aumenta o tamanho do cabo de ligação de aparelhos e alcança outras tomadas e pontos mais distantes. Ideal para quem busca segurança e praticidade.</p>

<h4 style="margin: 0px;padding: 0px 0px 16px;font-family: Lato, sans-serif;font-weight: bold;line-height: 3rem;color: var(--dark-grey3);font-size: 22px;font-style: normal;letter-spacing: normal;text-align: start;text-indent: 0px;text-transform: none">Informações técnicas</h4>
<p><span style="margin: 0px;padding: 0px;font-weight: 450;font-size: 14px;line-height: 21px;color: var(--dark-grey2);font-family: Lato, sans-serif;font-style: normal;letter-spacing: normal;text-align: start;text-indent: 0px;text-transform: none">Produto: Extensão Elétrica<br />
Marca: Daneva<br />
Material: Polipropileno<br />
Cor: Branco e vermelho<br />
Tensão elétrica: Máx 250v<br />
Características: Corrente máxima de 10A<br />
3 Tomadas tripolar<br />
Seguindo as normas NBR-13249<br />
Plugue e tomada ABNT NBR NM 60884-1 E NBR 14136<br />
Itens inclusos: 1 Extensão Elétrica<br />
Espessura: 0,75mm<br />
Dimensões do produto (C): 5m<br />
</span></p>
