{"id":8921,"date":"2025-06-20T17:38:13","date_gmt":"2025-06-20T21:38:13","guid":{"rendered":"https:\/\/www.multicasa.com.br\/inicio\/?post_type=product&#038;p=8921"},"modified":"2025-06-20T17:38:38","modified_gmt":"2025-06-20T21:38:38","slug":"micro-retifica-180w-127v-black-decker","status":"publish","type":"product","link":"https:\/\/www.multicasa.com.br\/inicio\/produto\/micro-retifica-180w-127v-black-decker\/","title":{"rendered":"Micro Retifica 180w 127v Black + Decker"},"content":{"rendered":"<p>Micro Retifica Black + Decker tem pot\u00eancia de 180 watts e 127v. Possui eixo flex\u00edvel, punho lateral e rota\u00e7\u00e3o de 35000 RPM. Indicada para cortar, polir, lixar, furar, graver, fresar e marcar. Outra funcionalidade \u00e9 o polimento de metal, vidro e cer\u00e2mica. Remove \u00f3xido e corros\u00e3o de metais.<\/p>\n","protected":false},"excerpt":{"rendered":"<h4 style=\"margin: 0px;padding: 0px 0px 16px;font-family: Lato, sans-serif;font-weight: bold;line-height: 3rem;color: var(--dark-grey3);font-size: 22px;font-style: normal;letter-spacing: normal;text-align: start;text-indent: 0px;text-transform: none\">Informa\u00e7\u00f5es t\u00e9cnicas<\/h4>\n<p><span style=\"margin: 0px;padding: 0px;font-weight: 450;font-size: 14px;line-height: 21px;color: var(--dark-grey2);font-family: Lato, sans-serif;font-style: normal;letter-spacing: normal;text-align: start;text-indent: 0px;text-transform: none\">Produto: Micro Ret\u00edfica<br \/>\nMarca: Black + Decker<br \/>\nCor: Preto e laranja<br \/>\nPot\u00eancia: 180w<br \/>\nTens\u00e3o el\u00e9trica: 127v<br \/>\nRota\u00e7\u00e3o: 35000 RPM<br \/>\nCaracter\u00edsticas: Haste flex\u00edvel<br \/>\nPunho lateral<br \/>\nQuantidade de pe\u00e7as: 113<br \/>\nItens Inclusos: 23 discos de corte (15\/16&#8243;)<br \/>\n31 folhas de lixa (3\/4&#8243;)<br \/>\n1 tubo de lixa 1,\/2&#8243; com 1\/8&#8243; haste<br \/>\n18 bandas de lixa 1\/2&#8243;<br \/>\n3 discos de polimento 1&#8243;<br \/>\n3 discos de polimento 1,2&#8243;<br \/>\n3 discos de polimento 3\/8&#8243;<br \/>\n10 v\u00e1rios esmeris<br \/>\n2 escova de a\u00e7o 1\/4&#8243; axial<br \/>\n1 escova de a\u00e7o 3\/4&#8243; radial<br \/>\n1 escova de a\u00e7o 1\/2&#8243; axial<br \/>\n1 diamante 5\/64&#8243; cone<br \/>\n1 diamante 5\/64&#8243; bola<br \/>\n1 diamante 5\/64&#8243; cilindro<br \/>\n3 bits multiuso 1\/8&#8243; cilindro<br \/>\n1 mandril para disco de corte\/ folha de lixa 1\/8&#8243;<br \/>\n1 mandril para disco de corte\/ folha de lixa 3\/32&#8243;<br \/>\n1 mandril para disco esquerdi 1\/8&#8243;<br \/>\n1 pedra de \u00f3xido<br \/>\n1 pin\u00e7a 1\/8&#8243;<br \/>\n1 pin\u00e7a 3\/32&#8243;<br \/>\n1 pin\u00e7a 1\/16&#8243;<br \/>\n1 chave e manual<br \/>\n1 maleta<br \/>\n1 suporte para pendurar<br \/>\n1 eixo flex\u00edvel<br \/>\nDimens\u00f5es do produto (A X L): 35 x 29cm<br \/>\n<\/span><\/p>\n","protected":false},"featured_media":8951,"template":"","meta":{"_joinchat":[]},"product_brand":[],"product_cat":[152],"product_tag":[],"class_list":{"0":"post-8921","1":"product","2":"type-product","3":"status-publish","4":"has-post-thumbnail","6":"product_cat-ferramentas-eletricas","8":"first","9":"outofstock","10":"shipping-taxable","11":"product-type-simple"},"_links":{"self":[{"href":"https:\/\/www.multicasa.com.br\/inicio\/wp-json\/wp\/v2\/product\/8921","targetHints":{"allow":["GET"]}}],"collection":[{"href":"https:\/\/www.multicasa.com.br\/inicio\/wp-json\/wp\/v2\/product"}],"about":[{"href":"https:\/\/www.multicasa.com.br\/inicio\/wp-json\/wp\/v2\/types\/product"}],"wp:featuredmedia":[{"embeddable":true,"href":"https:\/\/www.multicasa.com.br\/inicio\/wp-json\/wp\/v2\/media\/8951"}],"wp:attachment":[{"href":"https:\/\/www.multicasa.com.br\/inicio\/wp-json\/wp\/v2\/media?parent=8921"}],"wp:term":[{"taxonomy":"product_brand","embeddable":true,"href":"https:\/\/www.multicasa.com.br\/inicio\/wp-json\/wp\/v2\/product_brand?post=8921"},{"taxonomy":"product_cat","embeddable":true,"href":"https:\/\/www.multicasa.com.br\/inicio\/wp-json\/wp\/v2\/product_cat?post=8921"},{"taxonomy":"product_tag","embeddable":true,"href":"https:\/\/www.multicasa.com.br\/inicio\/wp-json\/wp\/v2\/product_tag?post=8921"}],"curies":[{"name":"wp","href":"https:\/\/api.w.org\/{rel}","templated":true}]}}