{"id":8924,"date":"2025-06-20T17:38:14","date_gmt":"2025-06-20T21:38:14","guid":{"rendered":"https:\/\/www.multicasa.com.br\/inicio\/?post_type=product&#038;p=8924"},"modified":"2025-06-20T17:38:44","modified_gmt":"2025-06-20T21:38:44","slug":"tomada-em-barra-2pt-2-saidas-sem-fio-preto-interneed","status":"publish","type":"product","link":"https:\/\/www.multicasa.com.br\/inicio\/produto\/tomada-em-barra-2pt-2-saidas-sem-fio-preto-interneed\/","title":{"rendered":"Tomada em Barra 2P+T 2 Sa\u00eddas Sem Fio Preto Interneed"},"content":{"rendered":"<p>Tomada em Barra Interneed 2P+T com 2 Sa\u00eddas, modelo sem Fio na cor preto, \u00e9 produzida em termopl\u00e1stico de engenharia, o que a torna resistente a calor e a impactos. Vers\u00e1til e eficiente, pode ser utilizada para montagens de extens\u00f5es de 10 ou 20 amperes. Pode ser montada facilmente, sendo compat\u00edvel com qualquer cabo de at\u00e9 2,5 mm e j\u00e1 vem equipada com o novo padr\u00e3o brasileiro de plugues e tomadas &#8220;nbr 14136&#8221; que s\u00e3o: dupla, tripla e quadrupla.<\/p>\n","protected":false},"excerpt":{"rendered":"<h4 style=\"margin: 0px;padding: 0px 0px 16px;font-family: Lato, sans-serif;font-weight: bold;line-height: 3rem;color: var(--dark-grey3);font-size: 22px;font-style: normal;letter-spacing: normal;text-align: start;text-indent: 0px;text-transform: none\">Informa\u00e7\u00f5es t\u00e9cnicas<\/h4>\n<p><span style=\"margin: 0px;padding: 0px;font-weight: 450;font-size: 14px;line-height: 21px;color: var(--dark-grey2);font-family: Lato, sans-serif;font-style: normal;letter-spacing: normal;text-align: start;text-indent: 0px;text-transform: none\">Produto: Tomada Barra<br \/>\nMarca: Interneed<br \/>\nMaterial: Termopl\u00e1stico de engenharia<br \/>\nAcabamento: Brilhoso<br \/>\nCor: Preto<br \/>\nCaracter\u00edsticas: 2 Tomadas<br \/>\nTomadas duplas, triplas<br \/>\nSuporta amperagem de 10a ou 20a<br \/>\nSem fio<br \/>\nIdeal para cabo de at\u00e9 2,5mm<br \/>\nSistema de bornes suspensos<br \/>\nItens inclusos: 1 Tomada Barra<br \/>\nDimens\u00f5es do produto (A X L): 12,3 x 6,5cm<\/p>\n<p><\/span><\/p>\n","protected":false},"featured_media":8980,"template":"","meta":{"_joinchat":[]},"product_brand":[],"product_cat":[144],"product_tag":[],"class_list":{"0":"post-8924","1":"product","2":"type-product","3":"status-publish","4":"has-post-thumbnail","6":"product_cat-tomadas-e-cia","8":"first","9":"outofstock","10":"shipping-taxable","11":"product-type-simple"},"_links":{"self":[{"href":"https:\/\/www.multicasa.com.br\/inicio\/wp-json\/wp\/v2\/product\/8924","targetHints":{"allow":["GET"]}}],"collection":[{"href":"https:\/\/www.multicasa.com.br\/inicio\/wp-json\/wp\/v2\/product"}],"about":[{"href":"https:\/\/www.multicasa.com.br\/inicio\/wp-json\/wp\/v2\/types\/product"}],"wp:featuredmedia":[{"embeddable":true,"href":"https:\/\/www.multicasa.com.br\/inicio\/wp-json\/wp\/v2\/media\/8980"}],"wp:attachment":[{"href":"https:\/\/www.multicasa.com.br\/inicio\/wp-json\/wp\/v2\/media?parent=8924"}],"wp:term":[{"taxonomy":"product_brand","embeddable":true,"href":"https:\/\/www.multicasa.com.br\/inicio\/wp-json\/wp\/v2\/product_brand?post=8924"},{"taxonomy":"product_cat","embeddable":true,"href":"https:\/\/www.multicasa.com.br\/inicio\/wp-json\/wp\/v2\/product_cat?post=8924"},{"taxonomy":"product_tag","embeddable":true,"href":"https:\/\/www.multicasa.com.br\/inicio\/wp-json\/wp\/v2\/product_tag?post=8924"}],"curies":[{"name":"wp","href":"https:\/\/api.w.org\/{rel}","templated":true}]}}