{"id":9082,"date":"2025-06-20T17:39:49","date_gmt":"2025-06-20T21:39:49","guid":{"rendered":"https:\/\/www.multicasa.com.br\/inicio\/?post_type=product&#038;p=9082"},"modified":"2025-08-18T00:53:47","modified_gmt":"2025-08-18T04:53:47","slug":"bucha-de-fixacao-em-plastico-5mm-bemfixa-15-unidades","status":"publish","type":"product","link":"https:\/\/www.multicasa.com.br\/inicio\/produto\/bucha-de-fixacao-em-plastico-5mm-bemfixa-15-unidades\/","title":{"rendered":"Bucha de Fixa\u00e7\u00e3o em Pl\u00e1stico 5mm Bemfixa 15 unidades"},"content":{"rendered":"<p>Utilize a bucha de fixa\u00e7\u00e3o de pl\u00e1stico Bemfixa em brocas de 5 mm para cargas de at\u00e9 25kg. Ideal para ser utilizada em superf\u00edcies de alvenaria, concreto s\u00f3lido, bloco de concreto, tijolo maci\u00e7o e bloco celular, a bucha de pl\u00e1stico garante maior durabilidade e resist\u00eancia. Indicada para obras e reparos do dia-a-dia. Embalagem com 15 unidades.<\/p>\n","protected":false},"excerpt":{"rendered":"<h4 style=\"margin: 0px;padding: 0px 0px 16px;font-family: Lato, sans-serif;font-weight: bold;line-height: 3rem;color: var(--dark-grey3);font-size: 22px;font-style: normal;letter-spacing: normal;text-align: start;text-indent: 0px;text-transform: none\">Informa\u00e7\u00f5es t\u00e9cnicas<\/h4>\n<p><span style=\"margin: 0px;padding: 0px;font-weight: 450;font-size: 14px;line-height: 21px;color: var(--dark-grey2);font-family: Lato, sans-serif;font-style: normal;letter-spacing: normal;text-align: start;text-indent: 0px;text-transform: none\">Produto: Bucha<br \/>\nMarca: Bemfixa<br \/>\nMaterial: Pl\u00e1stico<br \/>\nCor: Cinza<br \/>\nCaracter\u00edsticas: Carga suportada de 25kg<br \/>\nSem anel<br \/>\nQuantidade de Pe\u00e7as: 15<br \/>\nItens inclusos: 15 Buchas<br \/>\nDi\u00e2metro do produto: Bucha &#8211; 5mm<br \/>\n<\/span><\/p>\n","protected":false},"featured_media":24733,"template":"","meta":{"_joinchat":[]},"product_brand":[],"product_cat":[135],"product_tag":[],"class_list":{"0":"post-9082","1":"product","2":"type-product","3":"status-publish","4":"has-post-thumbnail","6":"product_cat-parafusos-e-buchas","8":"first","9":"instock","10":"shipping-taxable","11":"purchasable","12":"product-type-simple"},"_links":{"self":[{"href":"https:\/\/www.multicasa.com.br\/inicio\/wp-json\/wp\/v2\/product\/9082","targetHints":{"allow":["GET"]}}],"collection":[{"href":"https:\/\/www.multicasa.com.br\/inicio\/wp-json\/wp\/v2\/product"}],"about":[{"href":"https:\/\/www.multicasa.com.br\/inicio\/wp-json\/wp\/v2\/types\/product"}],"wp:featuredmedia":[{"embeddable":true,"href":"https:\/\/www.multicasa.com.br\/inicio\/wp-json\/wp\/v2\/media\/24733"}],"wp:attachment":[{"href":"https:\/\/www.multicasa.com.br\/inicio\/wp-json\/wp\/v2\/media?parent=9082"}],"wp:term":[{"taxonomy":"product_brand","embeddable":true,"href":"https:\/\/www.multicasa.com.br\/inicio\/wp-json\/wp\/v2\/product_brand?post=9082"},{"taxonomy":"product_cat","embeddable":true,"href":"https:\/\/www.multicasa.com.br\/inicio\/wp-json\/wp\/v2\/product_cat?post=9082"},{"taxonomy":"product_tag","embeddable":true,"href":"https:\/\/www.multicasa.com.br\/inicio\/wp-json\/wp\/v2\/product_tag?post=9082"}],"curies":[{"name":"wp","href":"https:\/\/api.w.org\/{rel}","templated":true}]}}