{"id":9107,"date":"2025-06-20T17:40:10","date_gmt":"2025-06-20T21:40:10","guid":{"rendered":"https:\/\/www.multicasa.com.br\/inicio\/?post_type=product&#038;p=9107"},"modified":"2025-06-20T17:40:42","modified_gmt":"2025-06-20T21:40:42","slug":"torneira-para-lavatorio-bica-baixa-cromada-esteves","status":"publish","type":"product","link":"https:\/\/www.multicasa.com.br\/inicio\/produto\/torneira-para-lavatorio-bica-baixa-cromada-esteves\/","title":{"rendered":"Torneira para Lavat\u00f3rio Bica Baixa Cromada Esteves"},"content":{"rendered":"<p>Com a Torneira para Lavat\u00f3rio Bica Baixa Cromada Esteves voc\u00ea proporciona beleza e praticidade para o ambiente. Produzida em metal cromado, garante mais qualidade e durabilidade. Possui arejador e sua bitola de entrada \u00e9 de 1\/2&#8243;, com sistema de acionamento rotativo, seu castelo tem mecanismo alpha usinado. Tenha um ambiente muito mais sofisticado e moderno.<\/p>\n","protected":false},"excerpt":{"rendered":"<h4 style=\"margin: 0px;padding: 0px 0px 16px;font-family: Lato, sans-serif;font-weight: bold;line-height: 3rem;color: var(--dark-grey3);font-size: 22px;font-style: normal;letter-spacing: normal;text-align: start;text-indent: 0px;text-transform: none\">Informa\u00e7\u00f5es t\u00e9cnicas<\/h4>\n<p><span style=\"margin: 0px;padding: 0px;font-weight: 450;font-size: 14px;line-height: 21px;color: var(--dark-grey2);font-family: Lato, sans-serif;font-style: normal;letter-spacing: normal;text-align: start;text-indent: 0px;text-transform: none\">Produto: Torneira<br \/>\nMarca: Esteves<br \/>\nMaterial: Lingote lat\u00e3o<br \/>\nLingote Zamac<br \/>\nCanopla em inox<br \/>\nRosca em MWMC<br \/>\nArruela em Lat\u00e3o e ABS<br \/>\nAcabamento: Cromado<br \/>\nCor: Prata<br \/>\nCaracter\u00edsticas: Bitola 1\/2<br \/>\nCom arejador<br \/>\nAnel oring<br \/>\nCastelo em mecanismo alpha<br \/>\nSistema de acionamento rotativo<br \/>\nNormatizado pela ABNT<br \/>\nBica fixa e baixa<br \/>\nItens inclusos: 1 Torneira<br \/>\nDimens\u00f5es do produto (A X L X P): Com rosca &#8211; 12 x 5 x 11cm<br \/>\nSem rosca &#8211; 7 x 5 x 11cm<br \/>\nGarantia: 15 anos pelo fabricante<br \/>\n<\/span><\/p>\n","protected":false},"featured_media":9161,"template":"","meta":{"_joinchat":[]},"product_brand":[],"product_cat":[67],"product_tag":[],"class_list":{"0":"post-9107","1":"product","2":"type-product","3":"status-publish","4":"has-post-thumbnail","6":"product_cat-torneiras-e-cia","8":"first","9":"outofstock","10":"shipping-taxable","11":"product-type-simple"},"_links":{"self":[{"href":"https:\/\/www.multicasa.com.br\/inicio\/wp-json\/wp\/v2\/product\/9107","targetHints":{"allow":["GET"]}}],"collection":[{"href":"https:\/\/www.multicasa.com.br\/inicio\/wp-json\/wp\/v2\/product"}],"about":[{"href":"https:\/\/www.multicasa.com.br\/inicio\/wp-json\/wp\/v2\/types\/product"}],"wp:featuredmedia":[{"embeddable":true,"href":"https:\/\/www.multicasa.com.br\/inicio\/wp-json\/wp\/v2\/media\/9161"}],"wp:attachment":[{"href":"https:\/\/www.multicasa.com.br\/inicio\/wp-json\/wp\/v2\/media?parent=9107"}],"wp:term":[{"taxonomy":"product_brand","embeddable":true,"href":"https:\/\/www.multicasa.com.br\/inicio\/wp-json\/wp\/v2\/product_brand?post=9107"},{"taxonomy":"product_cat","embeddable":true,"href":"https:\/\/www.multicasa.com.br\/inicio\/wp-json\/wp\/v2\/product_cat?post=9107"},{"taxonomy":"product_tag","embeddable":true,"href":"https:\/\/www.multicasa.com.br\/inicio\/wp-json\/wp\/v2\/product_tag?post=9107"}],"curies":[{"name":"wp","href":"https:\/\/api.w.org\/{rel}","templated":true}]}}