{"id":9110,"date":"2025-06-20T17:40:11","date_gmt":"2025-06-20T21:40:11","guid":{"rendered":"https:\/\/www.multicasa.com.br\/inicio\/?post_type=product&#038;p=9110"},"modified":"2025-06-20T17:40:46","modified_gmt":"2025-06-20T21:40:46","slug":"cortador-de-unhas-para-maos-unhex","status":"publish","type":"product","link":"https:\/\/www.multicasa.com.br\/inicio\/produto\/cortador-de-unhas-para-maos-unhex\/","title":{"rendered":"Cortador de Unhas para M\u00e3os Unhex"},"content":{"rendered":"<p>Feito de a\u00e7o cromado, o cortador de unhas para m\u00e3os Unhex vem acompanhado de uma lima, sendo ideal para aparar o comprimento das unhas e uma corrente para voc\u00ea prend\u00ea-lo e n\u00e3o perder. Experimente cortar as suas unhas ap\u00f3s o banho para que fiquem ainda mais male\u00e1veis e flex\u00edveis.<\/p>\n","protected":false},"excerpt":{"rendered":"<h4 style=\"margin: 0px;padding: 0px 0px 16px;font-family: Lato, sans-serif;font-weight: bold;line-height: 3rem;color: var(--dark-grey3);font-size: 22px;font-style: normal;letter-spacing: normal;text-align: start;text-indent: 0px;text-transform: none\">Informa\u00e7\u00f5es t\u00e9cnicas<\/h4>\n<p><span style=\"margin: 0px;padding: 0px;font-weight: 450;font-size: 14px;line-height: 21px;color: var(--dark-grey2);font-family: Lato, sans-serif;font-style: normal;letter-spacing: normal;text-align: start;text-indent: 0px;text-transform: none\">Produto: Cortador de Unhas<br \/>\nTipo: para as m\u00e3os<br \/>\nMarca: Unhex<br \/>\nMaterial: a\u00e7o cromado<br \/>\nUso indicado: cortar unhas das m\u00e3os.<br \/>\nCaracter\u00edsticas: possui lima e corrente;<br \/>\nalto n\u00edvel de acabamento proporcionando maior desempenho e durabilidade no corte das unhas.<br \/>\nItens Inclusos: 1 cortador de unhas com lima e corrente para prender.<br \/>\nDimens\u00f5es do produto (A X L): 28,5 x 15cm<br \/>\n<\/span><\/p>\n","protected":false},"featured_media":9164,"template":"","meta":{"_joinchat":[]},"product_brand":[],"product_cat":[101],"product_tag":[],"class_list":{"0":"post-9110","1":"product","2":"type-product","3":"status-publish","4":"has-post-thumbnail","6":"product_cat-cuidados-pessoais","8":"first","9":"outofstock","10":"shipping-taxable","11":"product-type-simple"},"_links":{"self":[{"href":"https:\/\/www.multicasa.com.br\/inicio\/wp-json\/wp\/v2\/product\/9110","targetHints":{"allow":["GET"]}}],"collection":[{"href":"https:\/\/www.multicasa.com.br\/inicio\/wp-json\/wp\/v2\/product"}],"about":[{"href":"https:\/\/www.multicasa.com.br\/inicio\/wp-json\/wp\/v2\/types\/product"}],"wp:featuredmedia":[{"embeddable":true,"href":"https:\/\/www.multicasa.com.br\/inicio\/wp-json\/wp\/v2\/media\/9164"}],"wp:attachment":[{"href":"https:\/\/www.multicasa.com.br\/inicio\/wp-json\/wp\/v2\/media?parent=9110"}],"wp:term":[{"taxonomy":"product_brand","embeddable":true,"href":"https:\/\/www.multicasa.com.br\/inicio\/wp-json\/wp\/v2\/product_brand?post=9110"},{"taxonomy":"product_cat","embeddable":true,"href":"https:\/\/www.multicasa.com.br\/inicio\/wp-json\/wp\/v2\/product_cat?post=9110"},{"taxonomy":"product_tag","embeddable":true,"href":"https:\/\/www.multicasa.com.br\/inicio\/wp-json\/wp\/v2\/product_tag?post=9110"}],"curies":[{"name":"wp","href":"https:\/\/api.w.org\/{rel}","templated":true}]}}