{"id":9185,"date":"2025-06-20T17:40:56","date_gmt":"2025-06-20T21:40:56","guid":{"rendered":"https:\/\/www.multicasa.com.br\/inicio\/?post_type=product&#038;p=9185"},"modified":"2025-06-20T17:41:51","modified_gmt":"2025-06-20T21:41:51","slug":"pinca-de-ponta-reta-aco-inox-decorada-merheje-2-unidades","status":"publish","type":"product","link":"https:\/\/www.multicasa.com.br\/inicio\/produto\/pinca-de-ponta-reta-aco-inox-decorada-merheje-2-unidades\/","title":{"rendered":"Pin\u00e7a de Ponta Reta A\u00e7o Inox Decorada Merheje 2 Unidades"},"content":{"rendered":"<p>A Pin\u00e7a de Ponta Reta Merheje \u00e9 perfeita para remover os pelos das sobrancelhas modelando com maior efici\u00eancia e precis\u00e3o, al\u00e9m de desencravar pelos com facilidade. S\u00e3o 2 unidades, produzidas em a\u00e7o inox estampado que podem ser esterilizadas a 160\u00b0C por 2 horas ou 170\u00b0C por 1 hora. Resist\u00eancia e um \u00f3timo desempenho.<\/p>\n","protected":false},"excerpt":{"rendered":"<h4 style=\"margin: 0px;padding: 0px 0px 16px;font-family: Lato, sans-serif;font-weight: bold;line-height: 3rem;color: var(--dark-grey3);font-size: 22px;font-style: normal;letter-spacing: normal;text-align: start;text-indent: 0px;text-transform: none\">Informa\u00e7\u00f5es t\u00e9cnicas<\/h4>\n<p><span style=\"margin: 0px;padding: 0px;font-weight: 450;font-size: 14px;line-height: 21px;color: var(--dark-grey2);font-family: Lato, sans-serif;font-style: normal;letter-spacing: normal;text-align: start;text-indent: 0px;text-transform: none\">Marca: Merheje<br \/>\nMaterial: A\u00e7o Inox<br \/>\nCaracter\u00edsticas: Ponta reta<br \/>\nEstampada<br \/>\nResistente<br \/>\nEsteriliz\u00e1vel a 160\u00b0c por 2 horas ou 170 \u00b0c por 1 hora<br \/>\nItens Inclusos: 2 pin\u00e7as<br \/>\nDimens\u00f5es do produto (A X L): 13,6 x 5,6cm<br \/>\n<\/span><\/p>\n","protected":false},"featured_media":9262,"template":"","meta":{"_joinchat":[]},"product_brand":[],"product_cat":[101],"product_tag":[],"class_list":{"0":"post-9185","1":"product","2":"type-product","3":"status-publish","4":"has-post-thumbnail","6":"product_cat-cuidados-pessoais","8":"first","9":"outofstock","10":"shipping-taxable","11":"product-type-simple"},"_links":{"self":[{"href":"https:\/\/www.multicasa.com.br\/inicio\/wp-json\/wp\/v2\/product\/9185","targetHints":{"allow":["GET"]}}],"collection":[{"href":"https:\/\/www.multicasa.com.br\/inicio\/wp-json\/wp\/v2\/product"}],"about":[{"href":"https:\/\/www.multicasa.com.br\/inicio\/wp-json\/wp\/v2\/types\/product"}],"wp:featuredmedia":[{"embeddable":true,"href":"https:\/\/www.multicasa.com.br\/inicio\/wp-json\/wp\/v2\/media\/9262"}],"wp:attachment":[{"href":"https:\/\/www.multicasa.com.br\/inicio\/wp-json\/wp\/v2\/media?parent=9185"}],"wp:term":[{"taxonomy":"product_brand","embeddable":true,"href":"https:\/\/www.multicasa.com.br\/inicio\/wp-json\/wp\/v2\/product_brand?post=9185"},{"taxonomy":"product_cat","embeddable":true,"href":"https:\/\/www.multicasa.com.br\/inicio\/wp-json\/wp\/v2\/product_cat?post=9185"},{"taxonomy":"product_tag","embeddable":true,"href":"https:\/\/www.multicasa.com.br\/inicio\/wp-json\/wp\/v2\/product_tag?post=9185"}],"curies":[{"name":"wp","href":"https:\/\/api.w.org\/{rel}","templated":true}]}}