{"id":9216,"date":"2025-06-20T17:41:23","date_gmt":"2025-06-20T21:41:23","guid":{"rendered":"https:\/\/www.multicasa.com.br\/inicio\/?post_type=product&#038;p=9216"},"modified":"2025-08-18T01:03:37","modified_gmt":"2025-08-18T05:03:37","slug":"tabua-de-passar-em-aco-vaportec-com-passa-mangas-metaltec","status":"publish","type":"product","link":"https:\/\/www.multicasa.com.br\/inicio\/produto\/tabua-de-passar-em-aco-vaportec-com-passa-mangas-metaltec\/","title":{"rendered":"T\u00e1bua de Passar em A\u00e7o Vaportec Com Passa Mangas Metaltec"},"content":{"rendered":"<p>A T\u00e1bua de Passar Metaltec \u00e9 da linha Vaportec e possui estrutura de metal e tampo em chapa expandida que facilita a passagem do vapor. Possui bra\u00e7o passa manga e prateleira para roupas dobradas na regi\u00e3o inferior. Possui ponteiras em PVC antiderrapantes e haste flex\u00edvel que mant\u00e9m o fio do ferro sempre esticado. A op\u00e7\u00e3o perfeita para efetuar sua passadoria.<\/p>\n","protected":false},"excerpt":{"rendered":"<h4 style=\"margin: 0px;padding: 0px 0px 16px;font-family: Lato, sans-serif;font-weight: bold;line-height: 3rem;color: var(--dark-grey3);font-size: 22px;font-style: normal;letter-spacing: normal;text-align: start;text-indent: 0px;text-transform: none\">Informa\u00e7\u00f5es t\u00e9cnicas<\/h4>\n<p><span style=\"margin: 0px;padding: 0px;font-weight: 450;font-size: 14px;line-height: 21px;color: var(--dark-grey2);font-family: Lato, sans-serif;font-style: normal;letter-spacing: normal;text-align: start;text-indent: 0px;text-transform: none\">Produto: T\u00e1bua de passar<br \/>\nMarca: Metaltec<br \/>\nMaterial: A\u00e7o, PVC e metal<br \/>\nCor: Branco e cinza<br \/>\nCaracter\u00edsticas: Bra\u00e7o para passar manga, suporte inclinado para ferro, haste flex\u00edvel que mant\u00e9m o fio do ferro sempre esticado, prateleira para roupa dobrada<br \/>\nItens Inclusos: 1 t\u00e1bua de passar<br \/>\nDimens\u00f5es do produto (L x C x P): 0,33 x 1,39 x 0,06m<br \/>\nAltura m\u00e1xima &#8211; 90cm<br \/>\nAltura m\u00ednima &#8211; 38cm<br \/>\n<\/span><\/p>\n","protected":false},"featured_media":9296,"template":"","meta":{"_joinchat":[]},"product_brand":[],"product_cat":[95],"product_tag":[],"class_list":{"0":"post-9216","1":"product","2":"type-product","3":"status-publish","4":"has-post-thumbnail","6":"product_cat-lavanderia","8":"first","9":"outofstock","10":"shipping-taxable","11":"purchasable","12":"product-type-simple"},"_links":{"self":[{"href":"https:\/\/www.multicasa.com.br\/inicio\/wp-json\/wp\/v2\/product\/9216","targetHints":{"allow":["GET"]}}],"collection":[{"href":"https:\/\/www.multicasa.com.br\/inicio\/wp-json\/wp\/v2\/product"}],"about":[{"href":"https:\/\/www.multicasa.com.br\/inicio\/wp-json\/wp\/v2\/types\/product"}],"wp:featuredmedia":[{"embeddable":true,"href":"https:\/\/www.multicasa.com.br\/inicio\/wp-json\/wp\/v2\/media\/9296"}],"wp:attachment":[{"href":"https:\/\/www.multicasa.com.br\/inicio\/wp-json\/wp\/v2\/media?parent=9216"}],"wp:term":[{"taxonomy":"product_brand","embeddable":true,"href":"https:\/\/www.multicasa.com.br\/inicio\/wp-json\/wp\/v2\/product_brand?post=9216"},{"taxonomy":"product_cat","embeddable":true,"href":"https:\/\/www.multicasa.com.br\/inicio\/wp-json\/wp\/v2\/product_cat?post=9216"},{"taxonomy":"product_tag","embeddable":true,"href":"https:\/\/www.multicasa.com.br\/inicio\/wp-json\/wp\/v2\/product_tag?post=9216"}],"curies":[{"name":"wp","href":"https:\/\/api.w.org\/{rel}","templated":true}]}}