{"id":9249,"date":"2025-06-20T17:41:44","date_gmt":"2025-06-20T21:41:44","guid":{"rendered":"https:\/\/www.multicasa.com.br\/inicio\/?post_type=product&#038;p=9249"},"modified":"2025-08-18T01:04:01","modified_gmt":"2025-08-18T05:04:01","slug":"rodo-extensivel-limpa-vidros-flashlimp","status":"publish","type":"product","link":"https:\/\/www.multicasa.com.br\/inicio\/produto\/rodo-extensivel-limpa-vidros-flashlimp\/","title":{"rendered":"Rodo Extens\u00edvel Limpa Vidros Flashlimp"},"content":{"rendered":"<p>O Rodo Extens\u00edvel Limpa Vidros Flashlimp foi desenvolvido para tornar a limpeza muito mais pr\u00e1tica e r\u00e1pida. Fabricado em alum\u00ednio, o cabo extens\u00edvel \u00e9 perfeito para voc\u00ea alcan\u00e7ar at\u00e9 os vidros mais altos. Sua angula\u00e7\u00e3o \u00e9 respons\u00e1vel por limpar quinas e cantos. Possui 7 posi\u00e7\u00f5es, permitindo a dobra da cabe\u00e7a em at\u00e9 180\u00b0, possibilitando ainda a retirada do cabo para alcan\u00e7ar qualquer lugar.<\/p>\n","protected":false},"excerpt":{"rendered":"<h4 style=\"margin: 0px;padding: 0px 0px 16px;font-family: Lato, sans-serif;font-weight: bold;line-height: 3rem;color: var(--dark-grey3);font-size: 22px;font-style: normal;letter-spacing: normal;text-align: start;text-indent: 0px;text-transform: none\">Informa\u00e7\u00f5es t\u00e9cnicas<\/h4>\n<p><span style=\"margin: 0px;padding: 0px;font-weight: 450;font-size: 14px;line-height: 21px;color: var(--dark-grey2);font-family: Lato, sans-serif;font-style: normal;letter-spacing: normal;text-align: start;text-indent: 0px;text-transform: none\">Produto: Rodo<br \/>\nMarca: Flashlimp<br \/>\nMaterial: Alum\u00ednio<br \/>\nMicrofibra<br \/>\nBorracha<br \/>\nCor: Verde e Prata<br \/>\nCaracter\u00edsticas: Cabo remov\u00edvel<br \/>\nBot\u00f5es reguladores<br \/>\nTrava no cabo<br \/>\nItens Inclusos: 1 rodo<br \/>\nDimens\u00f5es do produto (A x L x P): Fechado &#8211; 102 x 27 x 7cm<br \/>\nAberto &#8211; 162 x 27 x 7cm<\/span><\/p>\n","protected":false},"featured_media":9332,"template":"","meta":{"_joinchat":[]},"product_brand":[],"product_cat":[96],"product_tag":[],"class_list":{"0":"post-9249","1":"product","2":"type-product","3":"status-publish","4":"has-post-thumbnail","6":"product_cat-limpeza-e-cia","8":"first","9":"instock","10":"shipping-taxable","11":"purchasable","12":"product-type-simple"},"_links":{"self":[{"href":"https:\/\/www.multicasa.com.br\/inicio\/wp-json\/wp\/v2\/product\/9249","targetHints":{"allow":["GET"]}}],"collection":[{"href":"https:\/\/www.multicasa.com.br\/inicio\/wp-json\/wp\/v2\/product"}],"about":[{"href":"https:\/\/www.multicasa.com.br\/inicio\/wp-json\/wp\/v2\/types\/product"}],"wp:featuredmedia":[{"embeddable":true,"href":"https:\/\/www.multicasa.com.br\/inicio\/wp-json\/wp\/v2\/media\/9332"}],"wp:attachment":[{"href":"https:\/\/www.multicasa.com.br\/inicio\/wp-json\/wp\/v2\/media?parent=9249"}],"wp:term":[{"taxonomy":"product_brand","embeddable":true,"href":"https:\/\/www.multicasa.com.br\/inicio\/wp-json\/wp\/v2\/product_brand?post=9249"},{"taxonomy":"product_cat","embeddable":true,"href":"https:\/\/www.multicasa.com.br\/inicio\/wp-json\/wp\/v2\/product_cat?post=9249"},{"taxonomy":"product_tag","embeddable":true,"href":"https:\/\/www.multicasa.com.br\/inicio\/wp-json\/wp\/v2\/product_tag?post=9249"}],"curies":[{"name":"wp","href":"https:\/\/api.w.org\/{rel}","templated":true}]}}