{"id":9254,"date":"2025-06-20T17:41:45","date_gmt":"2025-06-20T21:41:45","guid":{"rendered":"https:\/\/www.multicasa.com.br\/inicio\/?post_type=product&#038;p=9254"},"modified":"2025-06-20T17:42:55","modified_gmt":"2025-06-20T21:42:55","slug":"odorizador-de-ambientes-aerossol-lavanda-glade-360ml","status":"publish","type":"product","link":"https:\/\/www.multicasa.com.br\/inicio\/produto\/odorizador-de-ambientes-aerossol-lavanda-glade-360ml\/","title":{"rendered":"Odorizador de Ambientes Aerossol Lavanda Glade 360ml"},"content":{"rendered":"<p>Use o Odorizador de Ambientes em Aerossol Glade com a fragr\u00e2ncia lavanda para combater os maus odores e perfumar a casa com delicadeza. Agindo em segundos, suas got\u00edculas n\u00e3o deixam res\u00edduo e aromatizam qualquer espa\u00e7o. Pode ser usado ap\u00f3s a limpeza para deixar sua casa com o ar fresco do talco.<\/p>\n","protected":false},"excerpt":{"rendered":"<h4 style=\"margin: 0px;padding: 0px 0px 16px;font-family: Lato, sans-serif;font-weight: bold;line-height: 3rem;color: var(--dark-grey3);font-size: 22px;font-style: normal;letter-spacing: normal;text-align: start;text-indent: 0px;text-transform: none\">Informa\u00e7\u00f5es t\u00e9cnicas<\/h4>\n<p><span style=\"margin: 0px;padding: 0px;font-weight: 450;font-size: 14px;line-height: 21px;color: var(--dark-grey2);font-family: Lato, sans-serif;font-style: normal;letter-spacing: normal;text-align: start;text-indent: 0px;text-transform: none\">Produto: Odorizador de Ambientes<br \/>\nTipo: Aerossol<br \/>\nMarca: Glade<br \/>\nConte\u00fado: 360ml<br \/>\nCaracter\u00edsticas: fragr\u00e2ncia lavanda<br \/>\nDispara got\u00edculas 2,5x menores<br \/>\nItens Inclusos: 1 Odorizador de ambientes<br \/>\nDimens\u00f5es do produto (A x L x P): 25,5 x 5,5cm<br \/>\n<\/span><\/p>\n","protected":false},"featured_media":9351,"template":"","meta":{"_joinchat":[]},"product_brand":[],"product_cat":[96],"product_tag":[],"class_list":{"0":"post-9254","1":"product","2":"type-product","3":"status-publish","4":"has-post-thumbnail","6":"product_cat-limpeza-e-cia","8":"first","9":"outofstock","10":"shipping-taxable","11":"product-type-simple"},"_links":{"self":[{"href":"https:\/\/www.multicasa.com.br\/inicio\/wp-json\/wp\/v2\/product\/9254","targetHints":{"allow":["GET"]}}],"collection":[{"href":"https:\/\/www.multicasa.com.br\/inicio\/wp-json\/wp\/v2\/product"}],"about":[{"href":"https:\/\/www.multicasa.com.br\/inicio\/wp-json\/wp\/v2\/types\/product"}],"wp:featuredmedia":[{"embeddable":true,"href":"https:\/\/www.multicasa.com.br\/inicio\/wp-json\/wp\/v2\/media\/9351"}],"wp:attachment":[{"href":"https:\/\/www.multicasa.com.br\/inicio\/wp-json\/wp\/v2\/media?parent=9254"}],"wp:term":[{"taxonomy":"product_brand","embeddable":true,"href":"https:\/\/www.multicasa.com.br\/inicio\/wp-json\/wp\/v2\/product_brand?post=9254"},{"taxonomy":"product_cat","embeddable":true,"href":"https:\/\/www.multicasa.com.br\/inicio\/wp-json\/wp\/v2\/product_cat?post=9254"},{"taxonomy":"product_tag","embeddable":true,"href":"https:\/\/www.multicasa.com.br\/inicio\/wp-json\/wp\/v2\/product_tag?post=9254"}],"curies":[{"name":"wp","href":"https:\/\/api.w.org\/{rel}","templated":true}]}}