{"id":9257,"date":"2025-06-20T17:41:45","date_gmt":"2025-06-20T21:41:45","guid":{"rendered":"https:\/\/www.multicasa.com.br\/inicio\/?post_type=product&#038;p=9257"},"modified":"2025-06-20T17:43:06","modified_gmt":"2025-06-20T21:43:06","slug":"organizador-para-camisetas-e-roupas-10-divisorias-clink","status":"publish","type":"product","link":"https:\/\/www.multicasa.com.br\/inicio\/produto\/organizador-para-camisetas-e-roupas-10-divisorias-clink\/","title":{"rendered":"Organizador para Camisetas e Roupas 10 Divis\u00f3rias Clink"},"content":{"rendered":"<p>O Organizador Clink \u00e9 uma solu\u00e7\u00e3o pr\u00e1tica para guardar as camisas e manter a casa organizada. Confeccionado em pl\u00e1stico transparente com 10 divis\u00f3rias, \u00e9 \u00f3timo para quem busca mais praticidade ao escolher a roupa do dia, proporcionam maior agilidade na rotina e deixam seu arm\u00e1rio sempre organizado.<\/p>\n","protected":false},"excerpt":{"rendered":"<h4 style=\"margin: 0px;padding: 0px 0px 16px;font-family: Lato, sans-serif;font-weight: bold;line-height: 3rem;color: var(--dark-grey3);font-size: 22px;font-style: normal;letter-spacing: normal;text-align: start;text-indent: 0px;text-transform: none\">Informa\u00e7\u00f5es t\u00e9cnicas<\/h4>\n<p><span style=\"margin: 0px;padding: 0px;font-weight: 450;font-size: 14px;line-height: 21px;color: var(--dark-grey2);font-family: Lato, sans-serif;font-style: normal;letter-spacing: normal;text-align: start;text-indent: 0px;text-transform: none\">Produto: Organizador para camisetas<br \/>\nMarca: Clink<br \/>\nMaterial: Pl\u00e1stico<br \/>\nCaracter\u00edsticas: Possui 10 divis\u00f3rias<br \/>\nTransparente<br \/>\nItens Inclusos: 1 Organizador para camisetas<br \/>\nDimens\u00f5es do produto (A x L x P): 34,5 x 29,5 x 6,5cm<\/span><\/p>\n","protected":false},"featured_media":9362,"template":"","meta":{"_joinchat":[]},"product_brand":[],"product_cat":[98],"product_tag":[],"class_list":{"0":"post-9257","1":"product","2":"type-product","3":"status-publish","4":"has-post-thumbnail","6":"product_cat-organizadores","8":"first","9":"outofstock","10":"shipping-taxable","11":"product-type-simple"},"_links":{"self":[{"href":"https:\/\/www.multicasa.com.br\/inicio\/wp-json\/wp\/v2\/product\/9257","targetHints":{"allow":["GET"]}}],"collection":[{"href":"https:\/\/www.multicasa.com.br\/inicio\/wp-json\/wp\/v2\/product"}],"about":[{"href":"https:\/\/www.multicasa.com.br\/inicio\/wp-json\/wp\/v2\/types\/product"}],"wp:featuredmedia":[{"embeddable":true,"href":"https:\/\/www.multicasa.com.br\/inicio\/wp-json\/wp\/v2\/media\/9362"}],"wp:attachment":[{"href":"https:\/\/www.multicasa.com.br\/inicio\/wp-json\/wp\/v2\/media?parent=9257"}],"wp:term":[{"taxonomy":"product_brand","embeddable":true,"href":"https:\/\/www.multicasa.com.br\/inicio\/wp-json\/wp\/v2\/product_brand?post=9257"},{"taxonomy":"product_cat","embeddable":true,"href":"https:\/\/www.multicasa.com.br\/inicio\/wp-json\/wp\/v2\/product_cat?post=9257"},{"taxonomy":"product_tag","embeddable":true,"href":"https:\/\/www.multicasa.com.br\/inicio\/wp-json\/wp\/v2\/product_tag?post=9257"}],"curies":[{"name":"wp","href":"https:\/\/api.w.org\/{rel}","templated":true}]}}