{"id":9412,"date":"2025-06-20T17:43:36","date_gmt":"2025-06-20T21:43:36","guid":{"rendered":"https:\/\/www.multicasa.com.br\/inicio\/?post_type=product&#038;p=9412"},"modified":"2025-06-20T17:44:37","modified_gmt":"2025-06-20T21:44:37","slug":"cabo-usb-tipo-c-preto-i2go-3m","status":"publish","type":"product","link":"https:\/\/www.multicasa.com.br\/inicio\/produto\/cabo-usb-tipo-c-preto-i2go-3m\/","title":{"rendered":"Cabo USB Tipo C Preto I2GO 3m"},"content":{"rendered":"<p>O Cabo USB Tipo C Preto I2GO carrega dispositivos e sincroniza dados com conforto, mesmo longe das tomadas, pois seu cabo possui 3 metros de comprimento e permite que voc\u00ea utilize o aparelho at\u00e9 mesmo de uma dist\u00e2ncia relevante. Seu cabo spaghetti produzido em pvc com blindagem em folha de alum\u00ednio e malha de cobre protetora, \u00e9 extra resistente e seu conector \u00e9 revers\u00edvel, suportando + de 10.000 dobras. Certificado pela USB-IF com resistor pull-up de 56K0HM que garante um carregamento seguro.<\/p>\n","protected":false},"excerpt":{"rendered":"<h4 style=\"margin: 0px;padding: 0px 0px 16px;font-family: Lato, sans-serif;font-weight: bold;line-height: 3rem;color: var(--dark-grey3);font-size: 22px;font-style: normal;letter-spacing: normal;text-align: start;text-indent: 0px;text-transform: none\">Informa\u00e7\u00f5es t\u00e9cnicas<\/h4>\n<p><span style=\"margin: 0px;padding: 0px;font-weight: 450;font-size: 14px;line-height: 21px;color: var(--dark-grey2);font-family: Lato, sans-serif;font-style: normal;letter-spacing: normal;text-align: start;text-indent: 0px;text-transform: none\">Produto: Cabo USB<br \/>\nTipo: C<br \/>\nMarca: I2GO<br \/>\nMaterial: PVC<br \/>\nAcabamento: Folha de alum\u00ednio e malha de cobre<br \/>\nCor: Preto<br \/>\nCaracter\u00edsticas: Carrega e singroniza dados<br \/>\nCabo spaguetti<br \/>\nFio de nercia de 20awg<br \/>\nFio de dados de 28awg<br \/>\nSuporta at\u00e9 2,4 amps<br \/>\nSuporta + de 10.000 dobras<br \/>\nConector revers\u00edvel<br \/>\nItens inclusos: 1 Cabo USB<br \/>\nDimens\u00f5es do produto (C): 3m<\/span><\/p>\n","protected":false},"featured_media":9492,"template":"","meta":{"_joinchat":[]},"product_brand":[],"product_cat":[157],"product_tag":[],"class_list":{"0":"post-9412","1":"product","2":"type-product","3":"status-publish","4":"has-post-thumbnail","6":"product_cat-leds-decorativos","8":"first","9":"outofstock","10":"shipping-taxable","11":"product-type-simple"},"_links":{"self":[{"href":"https:\/\/www.multicasa.com.br\/inicio\/wp-json\/wp\/v2\/product\/9412","targetHints":{"allow":["GET"]}}],"collection":[{"href":"https:\/\/www.multicasa.com.br\/inicio\/wp-json\/wp\/v2\/product"}],"about":[{"href":"https:\/\/www.multicasa.com.br\/inicio\/wp-json\/wp\/v2\/types\/product"}],"wp:featuredmedia":[{"embeddable":true,"href":"https:\/\/www.multicasa.com.br\/inicio\/wp-json\/wp\/v2\/media\/9492"}],"wp:attachment":[{"href":"https:\/\/www.multicasa.com.br\/inicio\/wp-json\/wp\/v2\/media?parent=9412"}],"wp:term":[{"taxonomy":"product_brand","embeddable":true,"href":"https:\/\/www.multicasa.com.br\/inicio\/wp-json\/wp\/v2\/product_brand?post=9412"},{"taxonomy":"product_cat","embeddable":true,"href":"https:\/\/www.multicasa.com.br\/inicio\/wp-json\/wp\/v2\/product_cat?post=9412"},{"taxonomy":"product_tag","embeddable":true,"href":"https:\/\/www.multicasa.com.br\/inicio\/wp-json\/wp\/v2\/product_tag?post=9412"}],"curies":[{"name":"wp","href":"https:\/\/api.w.org\/{rel}","templated":true}]}}