{"id":9504,"date":"2025-06-20T17:44:43","date_gmt":"2025-06-20T21:44:43","guid":{"rendered":"https:\/\/www.multicasa.com.br\/inicio\/?post_type=product&#038;p=9504"},"modified":"2025-06-20T17:45:38","modified_gmt":"2025-06-20T21:45:38","slug":"escova-tira-pelos-reutilizavel-fixel-2-unidades","status":"publish","type":"product","link":"https:\/\/www.multicasa.com.br\/inicio\/produto\/escova-tira-pelos-reutilizavel-fixel-2-unidades\/","title":{"rendered":"Escova Tira Pelos Re\u00fatiliz\u00e1vel Fixel 2 unidades"},"content":{"rendered":"<p>Use a Escova Tira Pelos da Fixel para retirar pelos e fiapos de tapetes, roupas de cama, travesseiros e tecidos em geral. Tamb\u00e9m pode ser utilizada em assentos de carro, almofadas e escovar os pelos do seu animal de estima\u00e7\u00e3o. Feita de pl\u00e1stico e tecido, possui a\u00e7\u00e3o dupla face e removedor de pelos reutiliz\u00e1vel com auto-limpeza. Mede 30 cm e sua embalagem \u00e9 composta por 1 escova grande e 1 escova tamanho viagem.<\/p>\n","protected":false},"excerpt":{"rendered":"<h4 style=\"margin: 0px;padding: 0px 0px 16px;font-family: Lato, sans-serif;font-weight: bold;line-height: 3rem;color: var(--dark-grey3);font-size: 22px;font-style: normal;letter-spacing: normal;text-align: start;text-indent: 0px;text-transform: none\">Informa\u00e7\u00f5es t\u00e9cnicas<\/h4>\n<p><span style=\"margin: 0px;padding: 0px;font-weight: 450;font-size: 14px;line-height: 21px;color: var(--dark-grey2);font-family: Lato, sans-serif;font-style: normal;letter-spacing: normal;text-align: start;text-indent: 0px;text-transform: none\">Produto: Escova Tira Pelos<br \/>\nMarca: Fixel<br \/>\nMaterial: Pl\u00e1stico e tecido<br \/>\nCor: Azul<br \/>\nQuantidade de pe\u00e7as: 2 pe\u00e7as<br \/>\nItens Inclusos: 1 Escova tira pelos grande e 1 Escova tira pelos tamanho viagem<br \/>\nDimens\u00f5es do produto (A): 30cm<\/span><\/p>\n","protected":false},"featured_media":9578,"template":"","meta":{"_joinchat":[]},"product_brand":[],"product_cat":[101],"product_tag":[],"class_list":{"0":"post-9504","1":"product","2":"type-product","3":"status-publish","4":"has-post-thumbnail","6":"product_cat-cuidados-pessoais","8":"first","9":"outofstock","10":"shipping-taxable","11":"product-type-simple"},"_links":{"self":[{"href":"https:\/\/www.multicasa.com.br\/inicio\/wp-json\/wp\/v2\/product\/9504","targetHints":{"allow":["GET"]}}],"collection":[{"href":"https:\/\/www.multicasa.com.br\/inicio\/wp-json\/wp\/v2\/product"}],"about":[{"href":"https:\/\/www.multicasa.com.br\/inicio\/wp-json\/wp\/v2\/types\/product"}],"wp:featuredmedia":[{"embeddable":true,"href":"https:\/\/www.multicasa.com.br\/inicio\/wp-json\/wp\/v2\/media\/9578"}],"wp:attachment":[{"href":"https:\/\/www.multicasa.com.br\/inicio\/wp-json\/wp\/v2\/media?parent=9504"}],"wp:term":[{"taxonomy":"product_brand","embeddable":true,"href":"https:\/\/www.multicasa.com.br\/inicio\/wp-json\/wp\/v2\/product_brand?post=9504"},{"taxonomy":"product_cat","embeddable":true,"href":"https:\/\/www.multicasa.com.br\/inicio\/wp-json\/wp\/v2\/product_cat?post=9504"},{"taxonomy":"product_tag","embeddable":true,"href":"https:\/\/www.multicasa.com.br\/inicio\/wp-json\/wp\/v2\/product_tag?post=9504"}],"curies":[{"name":"wp","href":"https:\/\/api.w.org\/{rel}","templated":true}]}}