{"id":9604,"date":"2025-06-20T17:45:51","date_gmt":"2025-06-20T21:45:51","guid":{"rendered":"https:\/\/www.multicasa.com.br\/inicio\/?post_type=product&#038;p=9604"},"modified":"2025-06-20T17:46:33","modified_gmt":"2025-06-20T21:46:33","slug":"bateria-botao-lithium-cr2032-duracell-3v","status":"publish","type":"product","link":"https:\/\/www.multicasa.com.br\/inicio\/produto\/bateria-botao-lithium-cr2032-duracell-3v\/","title":{"rendered":"Bateria Bot\u00e3o Lithium CR2032 Duracell 3V"},"content":{"rendered":"<p>A bateria bot\u00e3o lithium CR2032 da Duracell 3v \u00e9 especialmente fabricada com l\u00edtio puro e cont\u00e9m at\u00e9 50% de energia a mais para aparelhos especiais. Voc\u00ea pode us\u00e1-la em chaveiros, balan\u00e7as, sensores, medidores de glicemia, term\u00f4metros digitais, medidores card\u00edacos e acess\u00f3rios de ciclismo.<br \/>\nCom tecnologia duralock power preserve, a bateria tipo moeda tem longa durac\u00e3o e vai otimizar a vida \u00fatil dos seus objetos. <\/p>\n","protected":false},"excerpt":{"rendered":"<h4 style=\"margin: 0px;padding: 0px 0px 16px;font-family: Lato, sans-serif;font-weight: bold;line-height: 3rem;color: var(--dark-grey3);font-size: 22px;font-style: normal;letter-spacing: normal;text-align: start;text-indent: 0px;text-transform: none\">Informa\u00e7\u00f5es t\u00e9cnicas<\/h4>\n<p><span style=\"margin: 0px;padding: 0px;font-weight: 450;font-size: 14px;line-height: 21px;color: var(--dark-grey2);font-family: Lato, sans-serif;font-style: normal;letter-spacing: normal;text-align: start;text-indent: 0px;text-transform: none\">Produto: Bateria<br \/>\nTipo: Lithium<br \/>\nMarca: Duracell<br \/>\nModelo: CR2032<br \/>\nVoltagem: 3v<br \/>\nCaracter\u00edsticas: Formato tipo bot\u00e3o<br \/>\nAt\u00e9 50% mais energia<br \/>\nTecnologia Duralock Power Preserve<br \/>\nItens inclusos: 1 bateria<br \/>\n<\/span><\/p>\n","protected":false},"featured_media":9669,"template":"","meta":{"_joinchat":[]},"product_brand":[],"product_cat":[151],"product_tag":[],"class_list":{"0":"post-9604","1":"product","2":"type-product","3":"status-publish","4":"has-post-thumbnail","6":"product_cat-pilhas","8":"first","9":"outofstock","10":"shipping-taxable","11":"product-type-simple"},"_links":{"self":[{"href":"https:\/\/www.multicasa.com.br\/inicio\/wp-json\/wp\/v2\/product\/9604","targetHints":{"allow":["GET"]}}],"collection":[{"href":"https:\/\/www.multicasa.com.br\/inicio\/wp-json\/wp\/v2\/product"}],"about":[{"href":"https:\/\/www.multicasa.com.br\/inicio\/wp-json\/wp\/v2\/types\/product"}],"wp:featuredmedia":[{"embeddable":true,"href":"https:\/\/www.multicasa.com.br\/inicio\/wp-json\/wp\/v2\/media\/9669"}],"wp:attachment":[{"href":"https:\/\/www.multicasa.com.br\/inicio\/wp-json\/wp\/v2\/media?parent=9604"}],"wp:term":[{"taxonomy":"product_brand","embeddable":true,"href":"https:\/\/www.multicasa.com.br\/inicio\/wp-json\/wp\/v2\/product_brand?post=9604"},{"taxonomy":"product_cat","embeddable":true,"href":"https:\/\/www.multicasa.com.br\/inicio\/wp-json\/wp\/v2\/product_cat?post=9604"},{"taxonomy":"product_tag","embeddable":true,"href":"https:\/\/www.multicasa.com.br\/inicio\/wp-json\/wp\/v2\/product_tag?post=9604"}],"curies":[{"name":"wp","href":"https:\/\/api.w.org\/{rel}","templated":true}]}}