{"id":9647,"date":"2025-06-20T17:46:16","date_gmt":"2025-06-20T21:46:16","guid":{"rendered":"https:\/\/www.multicasa.com.br\/inicio\/?post_type=product&#038;p=9647"},"modified":"2025-06-20T17:47:19","modified_gmt":"2025-06-20T21:47:19","slug":"porta-chaves-preto-fosco-5-ganchos-arthi","status":"publish","type":"product","link":"https:\/\/www.multicasa.com.br\/inicio\/produto\/porta-chaves-preto-fosco-5-ganchos-arthi\/","title":{"rendered":"Porta Chaves Preto Fosco 5 Ganchos Arthi"},"content":{"rendered":"<p>Com o Porta Chaves Arthi da linha black, voc\u00ea n\u00e3o ter\u00e1 mais problemas de perder as chaves em casa e tamb\u00e9m ir\u00e1 organizar o ambiente com charme e eleg\u00e2ncia. Tem design super inovador e moderno e 5 ganchos para pendurar as chaves. Com acabamento preto fosco, o produto recebe acabamento semelhante ao do setor automotivo, \u00e9 passado um verniz especial que aumenta a durabilidade da pe\u00e7a e faz com que o produto n\u00e3o risque e n\u00e3o descasque.<\/p>\n","protected":false},"excerpt":{"rendered":"<h4 style=\"margin: 0px;padding: 0px 0px 16px;font-family: Lato, sans-serif;font-weight: bold;line-height: 3rem;color: var(--dark-grey3);font-size: 22px;font-style: normal;letter-spacing: normal;text-align: start;text-indent: 0px;text-transform: none\">Informa\u00e7\u00f5es t\u00e9cnicas<\/h4>\n<p><span style=\"margin: 0px;padding: 0px;font-weight: 450;font-size: 14px;line-height: 21px;color: var(--dark-grey2);font-family: Lato, sans-serif;font-style: normal;letter-spacing: normal;text-align: start;text-indent: 0px;text-transform: none\">Produto: Porta chaves<br \/>\nMarca: Arthi<br \/>\nMaterial: A\u00e7o<br \/>\nAcabamento: Fosco<br \/>\nCor: Preto<br \/>\nCaracter\u00edsticas: 5 ganchos<br \/>\nItens Inclusos: 1 porta chaves<br \/>\nDimens\u00f5es do produto (A x L x P): 5 x 19 x 3,5cm<\/span><\/p>\n","protected":false},"featured_media":9730,"template":"","meta":{"_joinchat":[]},"product_brand":[],"product_cat":[98],"product_tag":[],"class_list":{"0":"post-9647","1":"product","2":"type-product","3":"status-publish","4":"has-post-thumbnail","6":"product_cat-organizadores","8":"first","9":"outofstock","10":"shipping-taxable","11":"product-type-simple"},"_links":{"self":[{"href":"https:\/\/www.multicasa.com.br\/inicio\/wp-json\/wp\/v2\/product\/9647","targetHints":{"allow":["GET"]}}],"collection":[{"href":"https:\/\/www.multicasa.com.br\/inicio\/wp-json\/wp\/v2\/product"}],"about":[{"href":"https:\/\/www.multicasa.com.br\/inicio\/wp-json\/wp\/v2\/types\/product"}],"wp:featuredmedia":[{"embeddable":true,"href":"https:\/\/www.multicasa.com.br\/inicio\/wp-json\/wp\/v2\/media\/9730"}],"wp:attachment":[{"href":"https:\/\/www.multicasa.com.br\/inicio\/wp-json\/wp\/v2\/media?parent=9647"}],"wp:term":[{"taxonomy":"product_brand","embeddable":true,"href":"https:\/\/www.multicasa.com.br\/inicio\/wp-json\/wp\/v2\/product_brand?post=9647"},{"taxonomy":"product_cat","embeddable":true,"href":"https:\/\/www.multicasa.com.br\/inicio\/wp-json\/wp\/v2\/product_cat?post=9647"},{"taxonomy":"product_tag","embeddable":true,"href":"https:\/\/www.multicasa.com.br\/inicio\/wp-json\/wp\/v2\/product_tag?post=9647"}],"curies":[{"name":"wp","href":"https:\/\/api.w.org\/{rel}","templated":true}]}}

<p>Com o Porta Chaves Arthi da linha black, você não terá mais problemas de perder as chaves em casa e também irá organizar o ambiente com charme e elegância. Tem design super inovador e moderno e 5 ganchos para pendurar as chaves. Com acabamento preto fosco, o produto recebe acabamento semelhante ao do setor automotivo, é passado um verniz especial que aumenta a durabilidade da peça e faz com que o produto não risque e não descasque.</p>

<h4 style="margin: 0px;padding: 0px 0px 16px;font-family: Lato, sans-serif;font-weight: bold;line-height: 3rem;color: var(--dark-grey3);font-size: 22px;font-style: normal;letter-spacing: normal;text-align: start;text-indent: 0px;text-transform: none">Informações técnicas</h4>
<p><span style="margin: 0px;padding: 0px;font-weight: 450;font-size: 14px;line-height: 21px;color: var(--dark-grey2);font-family: Lato, sans-serif;font-style: normal;letter-spacing: normal;text-align: start;text-indent: 0px;text-transform: none">Produto: Porta chaves<br />
Marca: Arthi<br />
Material: Aço<br />
Acabamento: Fosco<br />
Cor: Preto<br />
Características: 5 ganchos<br />
Itens Inclusos: 1 porta chaves<br />
Dimensões do produto (A x L x P): 5 x 19 x 3,5cm</span></p>
