{"id":9681,"date":"2025-06-20T17:46:44","date_gmt":"2025-06-20T21:46:44","guid":{"rendered":"https:\/\/www.multicasa.com.br\/inicio\/?post_type=product&#038;p=9681"},"modified":"2025-08-18T01:43:55","modified_gmt":"2025-08-18T05:43:55","slug":"ferro-de-passar-a-vapor-e-a-seco-black-decker-fx2200-br-rosa-e-cinza-127v","status":"publish","type":"product","link":"https:\/\/www.multicasa.com.br\/inicio\/produto\/ferro-de-passar-a-vapor-e-a-seco-black-decker-fx2200-br-rosa-e-cinza-127v\/","title":{"rendered":"Ferro de Passar a Vapor e a Seco Black + Decker FX2200-BR Rosa e Cinza 127V"},"content":{"rendered":"<p>Tenha mais praticidade no seu dia-a-dia com o Ferro de Passar Black + Decker FX2200-BR. Com pot\u00eancia de 1200w e voltagem de 127v, tem base antiaderente que desliza facilmente pelos tecidos. O spray frontal permite que pequenos amassados sejam retirados diretamente no cabide e seu sistema autolimpante prolonga a vida \u00fatil do aparelho. Conta com indicador de n\u00edvel de \u00e1gua e luz indicadora de funcionamento. Seu cabo anat\u00f4mico de 163cm com giro de 360 graus torna sua utiliza\u00e7\u00e3o ainda mais f\u00e1cil e sua temperatura varia de 180 a 200 graus. Dispon\u00edvel na cor rosa e cinza.<\/p>\n","protected":false},"excerpt":{"rendered":"<h4 style=\"margin: 0px;padding: 0px 0px 16px;font-family: Lato, sans-serif;font-weight: bold;line-height: 3rem;color: var(--dark-grey3);font-size: 22px;font-style: normal;letter-spacing: normal;text-align: start;text-indent: 0px;text-transform: none\">Informa\u00e7\u00f5es t\u00e9cnicas<\/h4>\n<p><span style=\"margin: 0px;padding: 0px;font-weight: 450;font-size: 14px;line-height: 21px;color: var(--dark-grey2);font-family: Lato, sans-serif;font-style: normal;letter-spacing: normal;text-align: start;text-indent: 0px;text-transform: none\">Produto: Ferro de Passar<br \/>\nTipo: A vapor e a seco<br \/>\nMarca: Black + Decker<br \/>\nModelo: FX2200-BR<br \/>\nMaterial: Poliamida<br \/>\nAlum\u00ednio Teflon<br \/>\nCor: Rosa e Cinza<br \/>\nPot\u00eancia: 1200w<br \/>\nTens\u00e3o el\u00e9trica: 127v<br \/>\nConsumo: 0,045kw\/h<br \/>\nCapacidade: 210ml<br \/>\nCaracter\u00edsticas: base antiaderente<br \/>\ntemperatura de 180 a 200 graus<br \/>\nindicador de n\u00edvel de \u00e1gua<br \/>\nspray frontal<br \/>\nsistema de auto limpeza<br \/>\ncabo anat\u00f4mico de 163cm com giro de 360 graus<br \/>\nindicador de tecido<br \/>\nluz indicadora de funcionamento.<br \/>\nItens Inclusos: 1 ferro de passar<br \/>\nDimens\u00f5es do produto (A x L x P): 14,5 x 11,2 x 26,5cm<br \/>\nGarantia: 1 ano de garantia<br \/>\nOCP: 0040<br \/>\n<\/span><\/p>\n","protected":false},"featured_media":9756,"template":"","meta":{"_joinchat":[]},"product_brand":[],"product_cat":[95],"product_tag":[],"class_list":{"0":"post-9681","1":"product","2":"type-product","3":"status-publish","4":"has-post-thumbnail","6":"product_cat-lavanderia","8":"first","9":"outofstock","10":"shipping-taxable","11":"purchasable","12":"product-type-simple"},"_links":{"self":[{"href":"https:\/\/www.multicasa.com.br\/inicio\/wp-json\/wp\/v2\/product\/9681","targetHints":{"allow":["GET"]}}],"collection":[{"href":"https:\/\/www.multicasa.com.br\/inicio\/wp-json\/wp\/v2\/product"}],"about":[{"href":"https:\/\/www.multicasa.com.br\/inicio\/wp-json\/wp\/v2\/types\/product"}],"wp:featuredmedia":[{"embeddable":true,"href":"https:\/\/www.multicasa.com.br\/inicio\/wp-json\/wp\/v2\/media\/9756"}],"wp:attachment":[{"href":"https:\/\/www.multicasa.com.br\/inicio\/wp-json\/wp\/v2\/media?parent=9681"}],"wp:term":[{"taxonomy":"product_brand","embeddable":true,"href":"https:\/\/www.multicasa.com.br\/inicio\/wp-json\/wp\/v2\/product_brand?post=9681"},{"taxonomy":"product_cat","embeddable":true,"href":"https:\/\/www.multicasa.com.br\/inicio\/wp-json\/wp\/v2\/product_cat?post=9681"},{"taxonomy":"product_tag","embeddable":true,"href":"https:\/\/www.multicasa.com.br\/inicio\/wp-json\/wp\/v2\/product_tag?post=9681"}],"curies":[{"name":"wp","href":"https:\/\/api.w.org\/{rel}","templated":true}]}}

<p>Tenha mais praticidade no seu dia-a-dia com o Ferro de Passar Black + Decker FX2200-BR. Com potência de 1200w e voltagem de 127v, tem base antiaderente que desliza facilmente pelos tecidos. O spray frontal permite que pequenos amassados sejam retirados diretamente no cabide e seu sistema autolimpante prolonga a vida útil do aparelho. Conta com indicador de nível de água e luz indicadora de funcionamento. Seu cabo anatômico de 163cm com giro de 360 graus torna sua utilização ainda mais fácil e sua temperatura varia de 180 a 200 graus. Disponível na cor rosa e cinza.</p>

<h4 style="margin: 0px;padding: 0px 0px 16px;font-family: Lato, sans-serif;font-weight: bold;line-height: 3rem;color: var(--dark-grey3);font-size: 22px;font-style: normal;letter-spacing: normal;text-align: start;text-indent: 0px;text-transform: none">Informações técnicas</h4>
<p><span style="margin: 0px;padding: 0px;font-weight: 450;font-size: 14px;line-height: 21px;color: var(--dark-grey2);font-family: Lato, sans-serif;font-style: normal;letter-spacing: normal;text-align: start;text-indent: 0px;text-transform: none">Produto: Ferro de Passar<br />
Tipo: A vapor e a seco<br />
Marca: Black + Decker<br />
Modelo: FX2200-BR<br />
Material: Poliamida<br />
Alumínio Teflon<br />
Cor: Rosa e Cinza<br />
Potência: 1200w<br />
Tensão elétrica: 127v<br />
Consumo: 0,045kw/h<br />
Capacidade: 210ml<br />
Características: base antiaderente<br />
temperatura de 180 a 200 graus<br />
indicador de nível de água<br />
spray frontal<br />
sistema de auto limpeza<br />
cabo anatômico de 163cm com giro de 360 graus<br />
indicador de tecido<br />
luz indicadora de funcionamento.<br />
Itens Inclusos: 1 ferro de passar<br />
Dimensões do produto (A x L x P): 14,5 x 11,2 x 26,5cm<br />
Garantia: 1 ano de garantia<br />
OCP: 0040<br />
</span></p>
