{"id":9742,"date":"2025-06-20T17:47:27","date_gmt":"2025-06-20T21:47:27","guid":{"rendered":"https:\/\/www.multicasa.com.br\/inicio\/?post_type=product&#038;p=9742"},"modified":"2026-04-28T15:51:15","modified_gmt":"2026-04-28T19:51:15","slug":"rejunte-flexivel-branco-fortaleza-1kg","status":"publish","type":"product","link":"https:\/\/www.multicasa.com.br\/inicio\/produto\/rejunte-flexivel-branco-fortaleza-1kg\/","title":{"rendered":"Rejunte Flex\u00edvel Branco Fortaleza 1kg"},"content":{"rendered":"<p>Ideal para aplicar em paredes e pisos, o rejunte flex\u00edvel branco Fortaleza tamb\u00e9m pode ser usado em fachadas, drywall e pedras naturais. Por suas propriedades anti-mofo \u00e9 indicado tanto para \u00e1reas secas, quanto \u00famidas.<\/p>\n","protected":false},"excerpt":{"rendered":"<h4 style=\"margin: 0px;padding: 0px 0px 16px;font-family: Lato, sans-serif;font-weight: bold;line-height: 3rem;color: var(--dark-grey3);font-size: 22px;font-style: normal;letter-spacing: normal;text-align: start;text-indent: 0px;text-transform: none\">Informa\u00e7\u00f5es t\u00e9cnicas<\/h4>\n<p><span style=\"margin: 0px;padding: 0px;font-weight: 450;font-size: 14px;line-height: 21px;color: var(--dark-grey2);font-family: Lato, sans-serif;font-style: normal;letter-spacing: normal;text-align: start;text-indent: 0px;text-transform: none\">Produto: Rejunte Flex\u00edvel<br \/>\nMarca: Fortaleza<br \/>\nMaterial: Polietileno<br \/>\nCor: Branco<br \/>\nUso indicado: Pisos e azulejos cer\u00e2micos<br \/>\nConte\u00fado: 1Kg<br \/>\nCaracter\u00edsticas: Anti mofo<br \/>\nPara juntas de 2 a 16mm<br \/>\nItens inclusos: 1 Rejunte Flex\u00edvel<\/p>\n<p><\/span><\/p>\n","protected":false},"featured_media":9794,"template":"","meta":{"_joinchat":[]},"product_brand":[],"product_cat":[147],"product_tag":[],"class_list":{"0":"post-9742","1":"product","2":"type-product","3":"status-publish","4":"has-post-thumbnail","6":"product_cat-basicos","8":"first","9":"instock","10":"shipping-taxable","11":"purchasable","12":"product-type-simple"},"_links":{"self":[{"href":"https:\/\/www.multicasa.com.br\/inicio\/wp-json\/wp\/v2\/product\/9742","targetHints":{"allow":["GET"]}}],"collection":[{"href":"https:\/\/www.multicasa.com.br\/inicio\/wp-json\/wp\/v2\/product"}],"about":[{"href":"https:\/\/www.multicasa.com.br\/inicio\/wp-json\/wp\/v2\/types\/product"}],"wp:featuredmedia":[{"embeddable":true,"href":"https:\/\/www.multicasa.com.br\/inicio\/wp-json\/wp\/v2\/media\/9794"}],"wp:attachment":[{"href":"https:\/\/www.multicasa.com.br\/inicio\/wp-json\/wp\/v2\/media?parent=9742"}],"wp:term":[{"taxonomy":"product_brand","embeddable":true,"href":"https:\/\/www.multicasa.com.br\/inicio\/wp-json\/wp\/v2\/product_brand?post=9742"},{"taxonomy":"product_cat","embeddable":true,"href":"https:\/\/www.multicasa.com.br\/inicio\/wp-json\/wp\/v2\/product_cat?post=9742"},{"taxonomy":"product_tag","embeddable":true,"href":"https:\/\/www.multicasa.com.br\/inicio\/wp-json\/wp\/v2\/product_tag?post=9742"}],"curies":[{"name":"wp","href":"https:\/\/api.w.org\/{rel}","templated":true}]}}

Rejunte Flexível Branco Fortaleza 1kg

<p>Ideal para aplicar em paredes e pisos, o rejunte flexível branco Fortaleza também pode ser usado em fachadas, drywall e pedras naturais. Por suas propriedades anti-mofo é indicado tanto para áreas secas, quanto úmidas.</p>

<h4 style="margin: 0px;padding: 0px 0px 16px;font-family: Lato, sans-serif;font-weight: bold;line-height: 3rem;color: var(--dark-grey3);font-size: 22px;font-style: normal;letter-spacing: normal;text-align: start;text-indent: 0px;text-transform: none">Informações técnicas</h4>
<p><span style="margin: 0px;padding: 0px;font-weight: 450;font-size: 14px;line-height: 21px;color: var(--dark-grey2);font-family: Lato, sans-serif;font-style: normal;letter-spacing: normal;text-align: start;text-indent: 0px;text-transform: none">Produto: Rejunte Flexível<br />
Marca: Fortaleza<br />
Material: Polietileno<br />
Cor: Branco<br />
Uso indicado: Pisos e azulejos cerâmicos<br />
Conteúdo: 1Kg<br />
Características: Anti mofo<br />
Para juntas de 2 a 16mm<br />
Itens inclusos: 1 Rejunte Flexível</p>
<p></span></p>
