{"id":9812,"date":"2025-06-20T17:48:13","date_gmt":"2025-06-20T21:48:13","guid":{"rendered":"https:\/\/www.multicasa.com.br\/inicio\/?post_type=product&#038;p=9812"},"modified":"2025-08-18T01:45:27","modified_gmt":"2025-08-18T05:45:27","slug":"kit-aparador-de-cabelos-e-pelos-deluxe-groom-pro-wahl-127v-9w","status":"publish","type":"product","link":"https:\/\/www.multicasa.com.br\/inicio\/produto\/kit-aparador-de-cabelos-e-pelos-deluxe-groom-pro-wahl-127v-9w\/","title":{"rendered":"Kit Aparador de Cabelos e Pelos Deluxe Groom Pro Wahl 127V &#8211; 9W"},"content":{"rendered":"<p>Use a criatividade e apare ou corte seus pelos e cabelo com o kit aparador de pelos e cabelos Deluxe Groom Pro da Wahls.<br \/>\nSua m\u00e1quina de cortar cabelo Deluxe tem alimenta\u00e7\u00e3o de 127 v e possui alavanca para ajuste de altura para cortes em diversos comprimentos e l\u00e2minas auto-afi\u00e1veis muito mais resistentes. Seu design fino que lembra uma caneta \u00e9 ideal para remover pelos em \u00e1reas mais delicadas como orelhas e nariz sem te machucar ou irritar a pele. Suas l\u00e2minas podem ser lavadas para higieniza\u00e7\u00e3o completa, garantindo seguran\u00e7a ao reutilizar.<br \/>\nJ\u00e1 o aparador de pelos do seu kit funciona \u00e0 base de pilha (n\u00e3o inclusa) e deve ser utilizado para acabamentos, detalhes e contornos.<br \/>\nSeu kit aparador de cabelos e pelos Deluxe Groom Pro \u00e9 composto por 17 pe\u00e7as, incluindo uma m\u00e1quina de corte, aparador para barba e aparador para pelos.<\/p>\n","protected":false},"excerpt":{"rendered":"<h4 style=\"margin: 0px;padding: 0px 0px 16px;font-family: Lato, sans-serif;font-weight: bold;line-height: 3rem;color: var(--dark-grey3);font-size: 22px;font-style: normal;letter-spacing: normal;text-align: start;text-indent: 0px;text-transform: none\">Informa\u00e7\u00f5es t\u00e9cnicas<\/h4>\n<p><span style=\"margin: 0px;padding: 0px;font-weight: 450;font-size: 14px;line-height: 21px;color: var(--dark-grey2);font-family: Lato, sans-serif;font-style: normal;letter-spacing: normal;text-align: start;text-indent: 0px;text-transform: none\">Produto: Kit Aparador de Cabelos e Pelos<br \/>\nMarca: Wahl<br \/>\nMaterial: Metal<br \/>\nPl\u00e1stico<br \/>\nCor: Prata<br \/>\nUso indicado: cortar cabelos com alta precis\u00e3o de detalhes; aparar barba bigode e costeletas;.<br \/>\naparar pelos do nariz e orelhas.<br \/>\nCaracter\u00edsticas: L\u00e2minas de a\u00e7o com alto teor de carbono;<br \/>\nL\u00e2minas auto-afi\u00e1veis;<br \/>\nAlavanca para ajuste de altura;<br \/>\nL\u00e2minas lav\u00e1veis;<br \/>\nDesign fino como caneta;<br \/>\nAparador de pelos \u00e0 base de pilhas (n\u00e3o inclusas).<br \/>\nQuantidade de Pe\u00e7as: 17 itens<br \/>\nItens Inclusos: 1m\u00e1quina de cortar<br \/>\n1 aparador para barba, bigode e costeletas<br \/>\n1 aparador de pelos para nariz e orelhas<br \/>\n8 pentes de altura &#8211; 3mm, 6mm, 10mm, 13mm, 16mm,19mm, 22mm e 25mm<br \/>\n1 pente guia<br \/>\n1 \u00f3leo lubrificante<br \/>\n1 tesoura<br \/>\n1 protetor de lamina<br \/>\n1 pincel de limpeza<br \/>\n1 necessaire<br \/>\nTens\u00e3o: 127 v<br \/>\nPot\u00eancia: 9w<br \/>\nDimens\u00f5es do produto (A X L X P): 22 x 5,5 x 6,2cm<br \/>\nGarantia: 1 ano pelo fabricante<br \/>\nOCP: 0029<\/span><\/p>\n","protected":false},"featured_media":9866,"template":"","meta":{"_joinchat":[]},"product_brand":[],"product_cat":[101],"product_tag":[],"class_list":{"0":"post-9812","1":"product","2":"type-product","3":"status-publish","4":"has-post-thumbnail","6":"product_cat-cuidados-pessoais","8":"first","9":"outofstock","10":"shipping-taxable","11":"purchasable","12":"product-type-simple"},"_links":{"self":[{"href":"https:\/\/www.multicasa.com.br\/inicio\/wp-json\/wp\/v2\/product\/9812","targetHints":{"allow":["GET"]}}],"collection":[{"href":"https:\/\/www.multicasa.com.br\/inicio\/wp-json\/wp\/v2\/product"}],"about":[{"href":"https:\/\/www.multicasa.com.br\/inicio\/wp-json\/wp\/v2\/types\/product"}],"wp:featuredmedia":[{"embeddable":true,"href":"https:\/\/www.multicasa.com.br\/inicio\/wp-json\/wp\/v2\/media\/9866"}],"wp:attachment":[{"href":"https:\/\/www.multicasa.com.br\/inicio\/wp-json\/wp\/v2\/media?parent=9812"}],"wp:term":[{"taxonomy":"product_brand","embeddable":true,"href":"https:\/\/www.multicasa.com.br\/inicio\/wp-json\/wp\/v2\/product_brand?post=9812"},{"taxonomy":"product_cat","embeddable":true,"href":"https:\/\/www.multicasa.com.br\/inicio\/wp-json\/wp\/v2\/product_cat?post=9812"},{"taxonomy":"product_tag","embeddable":true,"href":"https:\/\/www.multicasa.com.br\/inicio\/wp-json\/wp\/v2\/product_tag?post=9812"}],"curies":[{"name":"wp","href":"https:\/\/api.w.org\/{rel}","templated":true}]}}

<p>Use a criatividade e apare ou corte seus pelos e cabelo com o kit aparador de pelos e cabelos Deluxe Groom Pro da Wahls.<br />
Sua máquina de cortar cabelo Deluxe tem alimentação de 127 v e possui alavanca para ajuste de altura para cortes em diversos comprimentos e lâminas auto-afiáveis muito mais resistentes. Seu design fino que lembra uma caneta é ideal para remover pelos em áreas mais delicadas como orelhas e nariz sem te machucar ou irritar a pele. Suas lâminas podem ser lavadas para higienização completa, garantindo segurança ao reutilizar.<br />
Já o aparador de pelos do seu kit funciona à base de pilha (não inclusa) e deve ser utilizado para acabamentos, detalhes e contornos.<br />
Seu kit aparador de cabelos e pelos Deluxe Groom Pro é composto por 17 peças, incluindo uma máquina de corte, aparador para barba e aparador para pelos.</p>

<h4 style="margin: 0px;padding: 0px 0px 16px;font-family: Lato, sans-serif;font-weight: bold;line-height: 3rem;color: var(--dark-grey3);font-size: 22px;font-style: normal;letter-spacing: normal;text-align: start;text-indent: 0px;text-transform: none">Informações técnicas</h4>
<p><span style="margin: 0px;padding: 0px;font-weight: 450;font-size: 14px;line-height: 21px;color: var(--dark-grey2);font-family: Lato, sans-serif;font-style: normal;letter-spacing: normal;text-align: start;text-indent: 0px;text-transform: none">Produto: Kit Aparador de Cabelos e Pelos<br />
Marca: Wahl<br />
Material: Metal<br />
Plástico<br />
Cor: Prata<br />
Uso indicado: cortar cabelos com alta precisão de detalhes; aparar barba bigode e costeletas;.<br />
aparar pelos do nariz e orelhas.<br />
Características: Lâminas de aço com alto teor de carbono;<br />
Lâminas auto-afiáveis;<br />
Alavanca para ajuste de altura;<br />
Lâminas laváveis;<br />
Design fino como caneta;<br />
Aparador de pelos à base de pilhas (não inclusas).<br />
Quantidade de Peças: 17 itens<br />
Itens Inclusos: 1máquina de cortar<br />
1 aparador para barba, bigode e costeletas<br />
1 aparador de pelos para nariz e orelhas<br />
8 pentes de altura &#8211; 3mm, 6mm, 10mm, 13mm, 16mm,19mm, 22mm e 25mm<br />
1 pente guia<br />
1 óleo lubrificante<br />
1 tesoura<br />
1 protetor de lamina<br />
1 pincel de limpeza<br />
1 necessaire<br />
Tensão: 127 v<br />
Potência: 9w<br />
Dimensões do produto (A X L X P): 22 x 5,5 x 6,2cm<br />
Garantia: 1 ano pelo fabricante<br />
OCP: 0029</span></p>
