{"id":9813,"date":"2025-06-20T17:48:13","date_gmt":"2025-06-20T21:48:13","guid":{"rendered":"https:\/\/www.multicasa.com.br\/inicio\/?post_type=product&#038;p=9813"},"modified":"2025-06-20T17:48:50","modified_gmt":"2025-06-20T21:48:50","slug":"maquina-de-cortar-cabelo-home-cut-basic-wahl-127v-9w","status":"publish","type":"product","link":"https:\/\/www.multicasa.com.br\/inicio\/produto\/maquina-de-cortar-cabelo-home-cut-basic-wahl-127v-9w\/","title":{"rendered":"M\u00e1quina de Cortar Cabelo Home Cut Basic Wahl 127V &#8211; 9W"},"content":{"rendered":"<p>Use a criatividade e fa\u00e7a seus pr\u00f3prios cortes de cabelo. A m\u00e1quina de cortar cabelo Home Cut Basic da Wahl tem seus fios com l\u00e2minas de a\u00e7o com alto teor de carbono e alavanca de ajuste de altura para mais precis\u00e3o e detalhamento dos cortes. Silencionsa, \u00e9 ideal para usar em casa, conferindo acabamento e defini\u00e7\u00e3o aos seus fios. Seu kit de corte de cabelo \u00e9 composto por 5 pentes, 1 tesoura, 1 \u00f3leo lubrificante, 1 protetor de l\u00e2mina e 1 escova de limpeza. Tem alimenta\u00e7\u00e3o el\u00e9trica de 127 v e 9 w de pot\u00eancia. Dispon\u00edvel na cor azul e cinza.<\/p>\n","protected":false},"excerpt":{"rendered":"<h4 style=\"margin: 0px;padding: 0px 0px 16px;font-family: Lato, sans-serif;font-weight: bold;line-height: 3rem;color: var(--dark-grey3);font-size: 22px;font-style: normal;letter-spacing: normal;text-align: start;text-indent: 0px;text-transform: none\">Informa\u00e7\u00f5es t\u00e9cnicas<\/h4>\n<p><span style=\"margin: 0px;padding: 0px;font-weight: 450;font-size: 14px;line-height: 21px;color: var(--dark-grey2);font-family: Lato, sans-serif;font-style: normal;letter-spacing: normal;text-align: start;text-indent: 0px;text-transform: none\">Produto: M\u00e1quina de Cortar Cabelo Home Cut Basic<br \/>\nMarca: Wahl<br \/>\nMaterial: metal<br \/>\npl\u00e1stico<br \/>\nCor: azul e cinza<br \/>\nUso indicado: cortar cabelos com alta precis\u00e3o de detalhes.<br \/>\nCaracter\u00edsticas: Possui alavanca de ajuste de altura das l\u00e2minas;<br \/>\nL\u00e2minas de a\u00e7o com alto teor de carbono;<br \/>\nSilenciosa.<br \/>\nQuantidade de pe\u00e7as: 10<br \/>\nItens Inclusos: 1m\u00e1quina de cortar cabelo Home Cut Basic Wahl<br \/>\n5 pentes de altura (3mm, 6mm, 13mm, 19mm e 25mm);<br \/>\n1 tesoura;<br \/>\n1 oleo lubrificante;<br \/>\n1 protetor de l\u00e2mina;<br \/>\n1 escova para limpeza.<br \/>\nTens\u00e3o: 127 v<br \/>\nPot\u00eancia: 9w<br \/>\nDimens\u00f5es do produto (A X L ): 20,5 x 4,8 x 5,2cm<br \/>\nGarantia: 2 anos<br \/>\nOCP: 0029<\/span><\/p>\n","protected":false},"featured_media":9870,"template":"","meta":{"_joinchat":[]},"product_brand":[],"product_cat":[101],"product_tag":[],"class_list":{"0":"post-9813","1":"product","2":"type-product","3":"status-publish","4":"has-post-thumbnail","6":"product_cat-cuidados-pessoais","8":"first","9":"outofstock","10":"shipping-taxable","11":"product-type-simple"},"_links":{"self":[{"href":"https:\/\/www.multicasa.com.br\/inicio\/wp-json\/wp\/v2\/product\/9813","targetHints":{"allow":["GET"]}}],"collection":[{"href":"https:\/\/www.multicasa.com.br\/inicio\/wp-json\/wp\/v2\/product"}],"about":[{"href":"https:\/\/www.multicasa.com.br\/inicio\/wp-json\/wp\/v2\/types\/product"}],"wp:featuredmedia":[{"embeddable":true,"href":"https:\/\/www.multicasa.com.br\/inicio\/wp-json\/wp\/v2\/media\/9870"}],"wp:attachment":[{"href":"https:\/\/www.multicasa.com.br\/inicio\/wp-json\/wp\/v2\/media?parent=9813"}],"wp:term":[{"taxonomy":"product_brand","embeddable":true,"href":"https:\/\/www.multicasa.com.br\/inicio\/wp-json\/wp\/v2\/product_brand?post=9813"},{"taxonomy":"product_cat","embeddable":true,"href":"https:\/\/www.multicasa.com.br\/inicio\/wp-json\/wp\/v2\/product_cat?post=9813"},{"taxonomy":"product_tag","embeddable":true,"href":"https:\/\/www.multicasa.com.br\/inicio\/wp-json\/wp\/v2\/product_tag?post=9813"}],"curies":[{"name":"wp","href":"https:\/\/api.w.org\/{rel}","templated":true}]}}

Máquina de Cortar Cabelo Home Cut Basic Wahl 127V &#8211; 9W

<p>Use a criatividade e faça seus próprios cortes de cabelo. A máquina de cortar cabelo Home Cut Basic da Wahl tem seus fios com lâminas de aço com alto teor de carbono e alavanca de ajuste de altura para mais precisão e detalhamento dos cortes. Silencionsa, é ideal para usar em casa, conferindo acabamento e definição aos seus fios. Seu kit de corte de cabelo é composto por 5 pentes, 1 tesoura, 1 óleo lubrificante, 1 protetor de lâmina e 1 escova de limpeza. Tem alimentação elétrica de 127 v e 9 w de potência. Disponível na cor azul e cinza.</p>

<h4 style="margin: 0px;padding: 0px 0px 16px;font-family: Lato, sans-serif;font-weight: bold;line-height: 3rem;color: var(--dark-grey3);font-size: 22px;font-style: normal;letter-spacing: normal;text-align: start;text-indent: 0px;text-transform: none">Informações técnicas</h4>
<p><span style="margin: 0px;padding: 0px;font-weight: 450;font-size: 14px;line-height: 21px;color: var(--dark-grey2);font-family: Lato, sans-serif;font-style: normal;letter-spacing: normal;text-align: start;text-indent: 0px;text-transform: none">Produto: Máquina de Cortar Cabelo Home Cut Basic<br />
Marca: Wahl<br />
Material: metal<br />
plástico<br />
Cor: azul e cinza<br />
Uso indicado: cortar cabelos com alta precisão de detalhes.<br />
Características: Possui alavanca de ajuste de altura das lâminas;<br />
Lâminas de aço com alto teor de carbono;<br />
Silenciosa.<br />
Quantidade de peças: 10<br />
Itens Inclusos: 1máquina de cortar cabelo Home Cut Basic Wahl<br />
5 pentes de altura (3mm, 6mm, 13mm, 19mm e 25mm);<br />
1 tesoura;<br />
1 oleo lubrificante;<br />
1 protetor de lâmina;<br />
1 escova para limpeza.<br />
Tensão: 127 v<br />
Potência: 9w<br />
Dimensões do produto (A X L ): 20,5 x 4,8 x 5,2cm<br />
Garantia: 2 anos<br />
OCP: 0029</span></p>
