{"id":9819,"date":"2025-06-20T17:48:13","date_gmt":"2025-06-20T21:48:13","guid":{"rendered":"https:\/\/www.multicasa.com.br\/inicio\/?post_type=product&#038;p=9819"},"modified":"2025-06-20T17:49:06","modified_gmt":"2025-06-20T21:49:06","slug":"cabo-usb-tipo-c-4-0a-cd53-x-cell-1m","status":"publish","type":"product","link":"https:\/\/www.multicasa.com.br\/inicio\/produto\/cabo-usb-tipo-c-4-0a-cd53-x-cell-1m\/","title":{"rendered":"Cabo USB Tipo C 4.0A CD53 X-Cell 1m"},"content":{"rendered":"<p>Use o Cabo USB Tipo C X-Cell para conectar seu smartphone \u00e0 porta USB de computadores ou carregadores de parede e veiculares para carregar e sincronizar de forma segura e eficiente. Com design moderno e de alto padr\u00e3o, possui estrutura em inox polido e conectores blindados de alum\u00ednio anodizado que garantem maior durabilidade sendo 5x mais resistente. Com 1m de comprimento, n\u00e3o quebra facilmente mesmo sendo flexionado constantemente ou enrolado. Com alta velocidade na transmiss\u00e3o de dados e recarga mais r\u00e1pida por sua corrente de 4A, \u00e9 compat\u00edvel com qualquer dispositivo que possua conex\u00e3o tipo C. Feito de a\u00e7o cromado inoxid\u00e1vel com mola.<\/p>\n","protected":false},"excerpt":{"rendered":"<h4 style=\"margin: 0px;padding: 0px 0px 16px;font-family: Lato, sans-serif;font-weight: bold;line-height: 3rem;color: var(--dark-grey3);font-size: 22px;font-style: normal;letter-spacing: normal;text-align: start;text-indent: 0px;text-transform: none\">Informa\u00e7\u00f5es t\u00e9cnicas<\/h4>\n<p><span style=\"margin: 0px;padding: 0px;font-weight: 450;font-size: 14px;line-height: 21px;color: var(--dark-grey2);font-family: Lato, sans-serif;font-style: normal;letter-spacing: normal;text-align: start;text-indent: 0px;text-transform: none\">Produto: Cabo USB<br \/>\nTipo: C<br \/>\nMarca: X-Cell<br \/>\nMaterial: Cabo blindado de a\u00e7o inoxid\u00e1vel, alum\u00ednio anodizado<br \/>\nCor: Preto<br \/>\nCaracter\u00edsticas: Corrente de 4A, maior durabilidade, 5x mais resistente, n\u00e3o quebra facilmente<br \/>\nItens inclusos: 1 cabo usb<br \/>\nDimens\u00f5es do Cabo: 1m<\/span><\/p>\n","protected":false},"featured_media":9899,"template":"","meta":{"_joinchat":[]},"product_brand":[],"product_cat":[130],"product_tag":[],"class_list":{"0":"post-9819","1":"product","2":"type-product","3":"status-publish","4":"has-post-thumbnail","6":"product_cat-informatica","8":"first","9":"outofstock","10":"shipping-taxable","11":"product-type-simple"},"_links":{"self":[{"href":"https:\/\/www.multicasa.com.br\/inicio\/wp-json\/wp\/v2\/product\/9819","targetHints":{"allow":["GET"]}}],"collection":[{"href":"https:\/\/www.multicasa.com.br\/inicio\/wp-json\/wp\/v2\/product"}],"about":[{"href":"https:\/\/www.multicasa.com.br\/inicio\/wp-json\/wp\/v2\/types\/product"}],"wp:featuredmedia":[{"embeddable":true,"href":"https:\/\/www.multicasa.com.br\/inicio\/wp-json\/wp\/v2\/media\/9899"}],"wp:attachment":[{"href":"https:\/\/www.multicasa.com.br\/inicio\/wp-json\/wp\/v2\/media?parent=9819"}],"wp:term":[{"taxonomy":"product_brand","embeddable":true,"href":"https:\/\/www.multicasa.com.br\/inicio\/wp-json\/wp\/v2\/product_brand?post=9819"},{"taxonomy":"product_cat","embeddable":true,"href":"https:\/\/www.multicasa.com.br\/inicio\/wp-json\/wp\/v2\/product_cat?post=9819"},{"taxonomy":"product_tag","embeddable":true,"href":"https:\/\/www.multicasa.com.br\/inicio\/wp-json\/wp\/v2\/product_tag?post=9819"}],"curies":[{"name":"wp","href":"https:\/\/api.w.org\/{rel}","templated":true}]}}