{"id":9896,"date":"2025-06-20T17:49:05","date_gmt":"2025-06-20T21:49:05","guid":{"rendered":"https:\/\/www.multicasa.com.br\/inicio\/?post_type=product&#038;p=9896"},"modified":"2025-08-16T16:00:00","modified_gmt":"2025-08-16T20:00:00","slug":"abajur-de-ceramica-25cm-preto-taschibra","status":"publish","type":"product","link":"https:\/\/www.multicasa.com.br\/inicio\/produto\/abajur-de-ceramica-25cm-preto-taschibra\/","title":{"rendered":"Abajur de Cer\u00e2mica 25cm Preto Taschibra"},"content":{"rendered":"<p>O Abajur modelo Pottery da Taschibra possui o tamanho de 25x13cm, vem na cor preta, com pot\u00eancia de 25w, bivolt. Produzido em cer\u00e2mica, metal, tecido e pl\u00e1stico. Seu bocal \u00e9 o E27 e o comprimento do cabo do interruptor \u00e9 de 1,25m.<\/p>\n","protected":false},"excerpt":{"rendered":"<h4 style=\"margin: 0px;padding: 0px 0px 16px;font-family: Lato, sans-serif;font-weight: bold;line-height: 3rem;color: var(--dark-grey3);font-size: 22px;font-style: normal;letter-spacing: normal;text-align: start;text-indent: 0px;text-transform: none\">Informa\u00e7\u00f5es t\u00e9cnicas<\/h4>\n<p><span style=\"margin: 0px;padding: 0px;font-weight: 450;font-size: 14px;line-height: 21px;color: var(--dark-grey2);font-family: Lato, sans-serif;font-style: normal;letter-spacing: normal;text-align: start;text-indent: 0px;text-transform: none\">Produto: Abajur                                                                                                                                                         Tipo: Mesa<br \/>\nMarca: Taschibra                                                                                                                                                     Modelo: Pottery<br \/>\nMaterial: Cer\u00e2mica, metal, tecido e pl\u00e1stico<br \/>\nCor: Preto                                                                                                                                                             Pot\u00eancia: 25W                                                                                                                                                                   Tens\u00e3o el\u00e9trica: 250V<br \/>\nCaracter\u00edsticas: E27, Comprimento do cabo: 1,25m<br \/>\nItens Inclusos: 1 Abajur<br \/>\nDimens\u00f5es do produto (A x L x P): 25 x 13cm                                                                                                                      Peso: 0,46kg                                                <\/span><\/p>\n","protected":false},"featured_media":24555,"template":"","meta":{"_joinchat":[]},"product_brand":[],"product_cat":[79],"product_tag":[],"class_list":{"0":"post-9896","1":"product","2":"type-product","3":"status-publish","4":"has-post-thumbnail","6":"product_cat-iluminacao-decorativa","8":"first","9":"outofstock","10":"shipping-taxable","11":"product-type-simple"},"_links":{"self":[{"href":"https:\/\/www.multicasa.com.br\/inicio\/wp-json\/wp\/v2\/product\/9896","targetHints":{"allow":["GET"]}}],"collection":[{"href":"https:\/\/www.multicasa.com.br\/inicio\/wp-json\/wp\/v2\/product"}],"about":[{"href":"https:\/\/www.multicasa.com.br\/inicio\/wp-json\/wp\/v2\/types\/product"}],"wp:featuredmedia":[{"embeddable":true,"href":"https:\/\/www.multicasa.com.br\/inicio\/wp-json\/wp\/v2\/media\/24555"}],"wp:attachment":[{"href":"https:\/\/www.multicasa.com.br\/inicio\/wp-json\/wp\/v2\/media?parent=9896"}],"wp:term":[{"taxonomy":"product_brand","embeddable":true,"href":"https:\/\/www.multicasa.com.br\/inicio\/wp-json\/wp\/v2\/product_brand?post=9896"},{"taxonomy":"product_cat","embeddable":true,"href":"https:\/\/www.multicasa.com.br\/inicio\/wp-json\/wp\/v2\/product_cat?post=9896"},{"taxonomy":"product_tag","embeddable":true,"href":"https:\/\/www.multicasa.com.br\/inicio\/wp-json\/wp\/v2\/product_tag?post=9896"}],"curies":[{"name":"wp","href":"https:\/\/api.w.org\/{rel}","templated":true}]}}