{"id":9923,"date":"2025-06-20T17:49:26","date_gmt":"2025-06-20T21:49:26","guid":{"rendered":"https:\/\/www.multicasa.com.br\/inicio\/?post_type=product&#038;p=9923"},"modified":"2025-06-23T10:15:10","modified_gmt":"2025-06-23T14:15:10","slug":"lampada-bolinha-de-led-branca-3w-e27-g3-bivolt-osram","status":"publish","type":"product","link":"https:\/\/www.multicasa.com.br\/inicio\/produto\/lampada-bolinha-de-led-branca-3w-e27-g3-bivolt-osram\/","title":{"rendered":"L\u00e2mpada Bolinha de Led Branca 3W E27 G3 Bivolt Osram"},"content":{"rendered":"<p>A L\u00e2mpada Bolinha de Led Branca 3W E27 G3 Bivolt Osram possui baixo consumo de energia, \u00e9 de f\u00e1cil substitui\u00e7\u00e3o gra\u00e7as ao seu formato compacto. Luz 100% instant\u00e2nea, sem per\u00edodo de aquecimento. Pr\u00f3prio para utiliza\u00e7\u00e3o em lustres, abajures, lumin\u00e1rias. Para aplica\u00e7\u00f5es dom\u00e9sticas, ilumina\u00e7\u00e3o em geral, aplica\u00e7\u00f5es de exterior apenas em lumin\u00e1rias apropriadas.<\/p>\n","protected":false},"excerpt":{"rendered":"<h4 style=\"margin: 0px;padding: 0px 0px 16px;font-family: Lato, sans-serif;font-weight: bold;line-height: 3rem;color: var(--dark-grey3);font-size: 22px;font-style: normal;letter-spacing: normal;text-align: start;text-indent: 0px;text-transform: none\">Informa\u00e7\u00f5es t\u00e9cnicas<\/h4>\n<p><span style=\"margin: 0px;padding: 0px;font-weight: 450;font-size: 14px;line-height: 21px;color: var(--dark-grey2);font-family: Lato, sans-serif;font-style: normal;letter-spacing: normal;text-align: start;text-indent: 0px;text-transform: none\">Produto: L\u00e2mpada Led<br \/>\nTipo: Bolinha<br \/>\nMarca: Osram<br \/>\nCor: Branca<br \/>\nPot\u00eancia: 3w<br \/>\nTens\u00e3o El\u00e9trica: Bivolt<br \/>\nTemperatura de cor: 6500K<br \/>\nCaracter\u00edsticas: Soquete E27; Sem merc\u00fario; Frequ\u00eancia: 50\/60Hz; Fluxo luminoso: 260 lumens; IRC 80; Vida \u00datil 15000H<br \/>\nItens Inclusos: 1 L\u00e2mpada bolinha<br \/>\nDimens\u00f5es do produto (A X L X P): 4,5 x 10 x 13cm<br \/>\nPeso: 28g<\/span><\/p>\n","protected":false},"featured_media":25400,"template":"","meta":{"_joinchat":[]},"product_brand":[],"product_cat":[80],"product_tag":[],"class_list":{"0":"post-9923","1":"product","2":"type-product","3":"status-publish","4":"has-post-thumbnail","6":"product_cat-lampadas","8":"first","9":"outofstock","10":"shipping-taxable","11":"product-type-simple"},"_links":{"self":[{"href":"https:\/\/www.multicasa.com.br\/inicio\/wp-json\/wp\/v2\/product\/9923","targetHints":{"allow":["GET"]}}],"collection":[{"href":"https:\/\/www.multicasa.com.br\/inicio\/wp-json\/wp\/v2\/product"}],"about":[{"href":"https:\/\/www.multicasa.com.br\/inicio\/wp-json\/wp\/v2\/types\/product"}],"wp:featuredmedia":[{"embeddable":true,"href":"https:\/\/www.multicasa.com.br\/inicio\/wp-json\/wp\/v2\/media\/25400"}],"wp:attachment":[{"href":"https:\/\/www.multicasa.com.br\/inicio\/wp-json\/wp\/v2\/media?parent=9923"}],"wp:term":[{"taxonomy":"product_brand","embeddable":true,"href":"https:\/\/www.multicasa.com.br\/inicio\/wp-json\/wp\/v2\/product_brand?post=9923"},{"taxonomy":"product_cat","embeddable":true,"href":"https:\/\/www.multicasa.com.br\/inicio\/wp-json\/wp\/v2\/product_cat?post=9923"},{"taxonomy":"product_tag","embeddable":true,"href":"https:\/\/www.multicasa.com.br\/inicio\/wp-json\/wp\/v2\/product_tag?post=9923"}],"curies":[{"name":"wp","href":"https:\/\/api.w.org\/{rel}","templated":true}]}}

Lâmpada Bolinha de Led Branca 3W E27 G3 Bivolt Osram

<p>A Lâmpada Bolinha de Led Branca 3W E27 G3 Bivolt Osram possui baixo consumo de energia, é de fácil substituição graças ao seu formato compacto. Luz 100% instantânea, sem período de aquecimento. Próprio para utilização em lustres, abajures, luminárias. Para aplicações domésticas, iluminação em geral, aplicações de exterior apenas em luminárias apropriadas.</p>

<h4 style="margin: 0px;padding: 0px 0px 16px;font-family: Lato, sans-serif;font-weight: bold;line-height: 3rem;color: var(--dark-grey3);font-size: 22px;font-style: normal;letter-spacing: normal;text-align: start;text-indent: 0px;text-transform: none">Informações técnicas</h4>
<p><span style="margin: 0px;padding: 0px;font-weight: 450;font-size: 14px;line-height: 21px;color: var(--dark-grey2);font-family: Lato, sans-serif;font-style: normal;letter-spacing: normal;text-align: start;text-indent: 0px;text-transform: none">Produto: Lâmpada Led<br />
Tipo: Bolinha<br />
Marca: Osram<br />
Cor: Branca<br />
Potência: 3w<br />
Tensão Elétrica: Bivolt<br />
Temperatura de cor: 6500K<br />
Características: Soquete E27; Sem mercúrio; Frequência: 50/60Hz; Fluxo luminoso: 260 lumens; IRC 80; Vida Útil 15000H<br />
Itens Inclusos: 1 Lâmpada bolinha<br />
Dimensões do produto (A X L X P): 4,5 x 10 x 13cm<br />
Peso: 28g</span></p>
