{"id":9924,"date":"2025-06-20T17:49:27","date_gmt":"2025-06-20T21:49:27","guid":{"rendered":"https:\/\/www.multicasa.com.br\/inicio\/?post_type=product&#038;p=9924"},"modified":"2025-08-18T01:55:40","modified_gmt":"2025-08-18T05:55:40","slug":"lampada-de-led-bulbo-dimerizavel-amarela-85w-e27-127v-osram","status":"publish","type":"product","link":"https:\/\/www.multicasa.com.br\/inicio\/produto\/lampada-de-led-bulbo-dimerizavel-amarela-85w-e27-127v-osram\/","title":{"rendered":"L\u00e2mpada de Led Bulbo Dimeriz\u00e1vel Amarela 8,5W E27 127V Osram"},"content":{"rendered":"<p>A L\u00e2mpada de Led Bulbo Dimeriz\u00e1vel Amarela 8,5W E27 127V Osram possui baixo consumo de energia, \u00e9 de f\u00e1cil substitui\u00e7\u00e3o gra\u00e7as ao seu formato compacto. Mais eficiente e alta durabilidade. Luz 100% instant\u00e2nea, sem per\u00edodo de aquecimento. Para aplica\u00e7\u00f5es dom\u00e9sticas, ilumina\u00e7\u00e3o em geral, aplica\u00e7\u00f5es de exterior apenas em lumin\u00e1rias apropriadas.<\/p>\n","protected":false},"excerpt":{"rendered":"<h4 style=\"margin: 0px;padding: 0px 0px 16px;font-family: Lato, sans-serif;font-weight: bold;line-height: 3rem;color: var(--dark-grey3);font-size: 22px;font-style: normal;letter-spacing: normal;text-align: start;text-indent: 0px;text-transform: none\">Informa\u00e7\u00f5es t\u00e9cnicas<\/h4>\n<p><span style=\"margin: 0px;padding: 0px;font-weight: 450;font-size: 14px;line-height: 21px;color: var(--dark-grey2);font-family: Lato, sans-serif;font-style: normal;letter-spacing: normal;text-align: start;text-indent: 0px;text-transform: none\">Produto: L\u00e2mpada Led<br \/>\nTipo: Dimeriz\u00e1vel<br \/>\nMarca: Osram<br \/>\nCor: Amarela<br \/>\nPot\u00eancia: 8,5w<br \/>\nTens\u00e3o El\u00e9trica: 127v<br \/>\nTemperatura de cor: 3000K<br \/>\nCaracter\u00edsticas: Dimeriz\u00e1vel; Soquete E27; Sem merc\u00fario; Frequ\u00eancia: 50\/60Hz; Fluxo luminoso: 806 lumens; IRC 80; Vida \u00datil 25.000H; Consumo de energia: 9 kWh\/1000h<br \/>\nItens Inclusos: 1 L\u00e2mpada dimeriz\u00e1vel<br \/>\nDimens\u00f5es do produto (A X L X P): 11,8 x 6,1 x 6,1cm<br \/>\nPeso: 61g<\/span><\/p>\n","protected":false},"featured_media":10008,"template":"","meta":{"_joinchat":[]},"product_brand":[],"product_cat":[80],"product_tag":[],"class_list":{"0":"post-9924","1":"product","2":"type-product","3":"status-publish","4":"has-post-thumbnail","6":"product_cat-lampadas","8":"first","9":"outofstock","10":"shipping-taxable","11":"purchasable","12":"product-type-simple"},"_links":{"self":[{"href":"https:\/\/www.multicasa.com.br\/inicio\/wp-json\/wp\/v2\/product\/9924","targetHints":{"allow":["GET"]}}],"collection":[{"href":"https:\/\/www.multicasa.com.br\/inicio\/wp-json\/wp\/v2\/product"}],"about":[{"href":"https:\/\/www.multicasa.com.br\/inicio\/wp-json\/wp\/v2\/types\/product"}],"wp:featuredmedia":[{"embeddable":true,"href":"https:\/\/www.multicasa.com.br\/inicio\/wp-json\/wp\/v2\/media\/10008"}],"wp:attachment":[{"href":"https:\/\/www.multicasa.com.br\/inicio\/wp-json\/wp\/v2\/media?parent=9924"}],"wp:term":[{"taxonomy":"product_brand","embeddable":true,"href":"https:\/\/www.multicasa.com.br\/inicio\/wp-json\/wp\/v2\/product_brand?post=9924"},{"taxonomy":"product_cat","embeddable":true,"href":"https:\/\/www.multicasa.com.br\/inicio\/wp-json\/wp\/v2\/product_cat?post=9924"},{"taxonomy":"product_tag","embeddable":true,"href":"https:\/\/www.multicasa.com.br\/inicio\/wp-json\/wp\/v2\/product_tag?post=9924"}],"curies":[{"name":"wp","href":"https:\/\/api.w.org\/{rel}","templated":true}]}}

Lâmpada de Led Bulbo Dimerizável Amarela 8,5W E27 127V Osram

<p>A Lâmpada de Led Bulbo Dimerizável Amarela 8,5W E27 127V Osram possui baixo consumo de energia, é de fácil substituição graças ao seu formato compacto. Mais eficiente e alta durabilidade. Luz 100% instantânea, sem período de aquecimento. Para aplicações domésticas, iluminação em geral, aplicações de exterior apenas em luminárias apropriadas.</p>

<h4 style="margin: 0px;padding: 0px 0px 16px;font-family: Lato, sans-serif;font-weight: bold;line-height: 3rem;color: var(--dark-grey3);font-size: 22px;font-style: normal;letter-spacing: normal;text-align: start;text-indent: 0px;text-transform: none">Informações técnicas</h4>
<p><span style="margin: 0px;padding: 0px;font-weight: 450;font-size: 14px;line-height: 21px;color: var(--dark-grey2);font-family: Lato, sans-serif;font-style: normal;letter-spacing: normal;text-align: start;text-indent: 0px;text-transform: none">Produto: Lâmpada Led<br />
Tipo: Dimerizável<br />
Marca: Osram<br />
Cor: Amarela<br />
Potência: 8,5w<br />
Tensão Elétrica: 127v<br />
Temperatura de cor: 3000K<br />
Características: Dimerizável; Soquete E27; Sem mercúrio; Frequência: 50/60Hz; Fluxo luminoso: 806 lumens; IRC 80; Vida Útil 25.000H; Consumo de energia: 9 kWh/1000h<br />
Itens Inclusos: 1 Lâmpada dimerizável<br />
Dimensões do produto (A X L X P): 11,8 x 6,1 x 6,1cm<br />
Peso: 61g</span></p>
