{"id":9963,"date":"2025-06-20T17:49:51","date_gmt":"2025-06-20T21:49:51","guid":{"rendered":"https:\/\/www.multicasa.com.br\/inicio\/?post_type=product&#038;p=9963"},"modified":"2026-04-23T17:00:46","modified_gmt":"2026-04-23T21:00:46","slug":"organizador-de-fios-e-cabos-1-2-frontec-2m-preto","status":"publish","type":"product","link":"https:\/\/www.multicasa.com.br\/inicio\/produto\/organizador-de-fios-e-cabos-1-2-frontec-2m-preto\/","title":{"rendered":"Organizador de Fios e Cabos 1\/2 Frontec 2m Preto"},"content":{"rendered":"<p>O Organizador de Fios e Cabos da Frontec vem na cor preto em formato espiral de 1\/2 polegada com 2 metros de comprimento. Possui alta flexibilidade, com padr\u00e3o de espessura de parede e corte para um f\u00e1cil manuseio. Indicado para amarra\u00e7\u00e3o e acomoda\u00e7\u00e3o de chicotes de fios e cabos.<\/p>\n","protected":false},"excerpt":{"rendered":"<h4 style=\"margin: 0px;padding: 0px 0px 16px;font-family: Lato, sans-serif;font-weight: bold;line-height: 3rem;color: var(--dark-grey3);font-size: 22px;font-style: normal;letter-spacing: normal;text-align: start;text-indent: 0px;text-transform: none\">Informa\u00e7\u00f5es t\u00e9cnicas<\/h4>\n<p><span style=\"margin: 0px;padding: 0px;font-weight: 450;font-size: 14px;line-height: 21px;color: var(--dark-grey2);font-family: Lato, sans-serif;font-style: normal;letter-spacing: normal;text-align: start;text-indent: 0px;text-transform: none\">Produto: Organizador de fio<br \/>\nMarca: Frontec<br \/>\nCor: Preto<br \/>\nCaracter\u00edsticas: Possui espessura de 1\/2&#8243;, formato espiral, flex\u00edvel<br \/>\nItens Inclusos: 1 organizador de fio<br \/>\nDimens\u00f5es do produto (L x C): 1\/2&#8243; x 2m                                                                                                            Dimens\u00f5es da embalagem (A x L x P): 25 x 18 x 5cm                                                                                                  Peso: 0,08kg<\/span><\/p>\n","protected":false},"featured_media":10043,"template":"","meta":{"_joinchat":[]},"product_brand":[],"product_cat":[98],"product_tag":[],"class_list":{"0":"post-9963","1":"product","2":"type-product","3":"status-publish","4":"has-post-thumbnail","6":"product_cat-organizadores","8":"first","9":"instock","10":"shipping-taxable","11":"purchasable","12":"product-type-simple"},"_links":{"self":[{"href":"https:\/\/www.multicasa.com.br\/inicio\/wp-json\/wp\/v2\/product\/9963","targetHints":{"allow":["GET"]}}],"collection":[{"href":"https:\/\/www.multicasa.com.br\/inicio\/wp-json\/wp\/v2\/product"}],"about":[{"href":"https:\/\/www.multicasa.com.br\/inicio\/wp-json\/wp\/v2\/types\/product"}],"wp:featuredmedia":[{"embeddable":true,"href":"https:\/\/www.multicasa.com.br\/inicio\/wp-json\/wp\/v2\/media\/10043"}],"wp:attachment":[{"href":"https:\/\/www.multicasa.com.br\/inicio\/wp-json\/wp\/v2\/media?parent=9963"}],"wp:term":[{"taxonomy":"product_brand","embeddable":true,"href":"https:\/\/www.multicasa.com.br\/inicio\/wp-json\/wp\/v2\/product_brand?post=9963"},{"taxonomy":"product_cat","embeddable":true,"href":"https:\/\/www.multicasa.com.br\/inicio\/wp-json\/wp\/v2\/product_cat?post=9963"},{"taxonomy":"product_tag","embeddable":true,"href":"https:\/\/www.multicasa.com.br\/inicio\/wp-json\/wp\/v2\/product_tag?post=9963"}],"curies":[{"name":"wp","href":"https:\/\/api.w.org\/{rel}","templated":true}]}}

<p>O Organizador de Fios e Cabos da Frontec vem na cor preto em formato espiral de 1/2 polegada com 2 metros de comprimento. Possui alta flexibilidade, com padrão de espessura de parede e corte para um fácil manuseio. Indicado para amarração e acomodação de chicotes de fios e cabos.</p>

<h4 style="margin: 0px;padding: 0px 0px 16px;font-family: Lato, sans-serif;font-weight: bold;line-height: 3rem;color: var(--dark-grey3);font-size: 22px;font-style: normal;letter-spacing: normal;text-align: start;text-indent: 0px;text-transform: none">Informações técnicas</h4>
<p><span style="margin: 0px;padding: 0px;font-weight: 450;font-size: 14px;line-height: 21px;color: var(--dark-grey2);font-family: Lato, sans-serif;font-style: normal;letter-spacing: normal;text-align: start;text-indent: 0px;text-transform: none">Produto: Organizador de fio<br />
Marca: Frontec<br />
Cor: Preto<br />
Características: Possui espessura de 1/2&#8243;, formato espiral, flexível<br />
Itens Inclusos: 1 organizador de fio<br />
Dimensões do produto (L x C): 1/2&#8243; x 2m                                                                                                            Dimensões da embalagem (A x L x P): 25 x 18 x 5cm                                                                                                  Peso: 0,08kg</span></p>
