{"id":9996,"date":"2025-06-20T17:50:17","date_gmt":"2025-06-20T21:50:17","guid":{"rendered":"https:\/\/www.multicasa.com.br\/inicio\/?post_type=product&#038;p=9996"},"modified":"2025-06-20T17:51:06","modified_gmt":"2025-06-20T21:51:06","slug":"calculadora-de-bolso-com-8-digitos-kaz","status":"publish","type":"product","link":"https:\/\/www.multicasa.com.br\/inicio\/produto\/calculadora-de-bolso-com-8-digitos-kaz\/","title":{"rendered":"Calculadora de Bolso com 8 d\u00edgitos Kaz"},"content":{"rendered":"<p>A Calculadora de Bolso com 8 d\u00edgitos da Kaz \u00e9 compacta e funcional. Seu tamanho \u00e9 de 11,3&#215;6,4x2cm e seu funcionamento \u00e9 atrav\u00e9s de pilha AA (n\u00e3o inclusa). <\/p>\n","protected":false},"excerpt":{"rendered":"<h4 style=\"margin: 0px;padding: 0px 0px 16px;font-family: Lato, sans-serif;font-weight: bold;line-height: 3rem;color: var(--dark-grey3);font-size: 22px;font-style: normal;letter-spacing: normal;text-align: start;text-indent: 0px;text-transform: none\">Informa\u00e7\u00f5es t\u00e9cnicas<\/h4>\n<p><span style=\"margin: 0px;padding: 0px;font-weight: 450;font-size: 14px;line-height: 21px;color: var(--dark-grey2);font-family: Lato, sans-serif;font-style: normal;letter-spacing: normal;text-align: start;text-indent: 0px;text-transform: none\">Produto: Calculadora de bolso<br \/>\nMarca: Kaz<br \/>\nModelo: Kz402<br \/>\nCor: Preto<br \/>\nAlimenta\u00e7\u00e3o: Pilha AA (n\u00e3o inclusa)<br \/>\nCaracter\u00edsticas: 8 d\u00edgitos<br \/>\nItens Inclusos: 1 calculadora de bolso<br \/>\nDimens\u00f5es do produto (A X L X P): 11,3 x 6,4 x 2cm<\/span><\/p>\n","protected":false},"featured_media":10073,"template":"","meta":{"_joinchat":[]},"product_brand":[],"product_cat":[153],"product_tag":[],"class_list":{"0":"post-9996","1":"product","2":"type-product","3":"status-publish","4":"has-post-thumbnail","6":"product_cat-eletronica-e-cia","8":"first","9":"outofstock","10":"shipping-taxable","11":"product-type-simple"},"_links":{"self":[{"href":"https:\/\/www.multicasa.com.br\/inicio\/wp-json\/wp\/v2\/product\/9996","targetHints":{"allow":["GET"]}}],"collection":[{"href":"https:\/\/www.multicasa.com.br\/inicio\/wp-json\/wp\/v2\/product"}],"about":[{"href":"https:\/\/www.multicasa.com.br\/inicio\/wp-json\/wp\/v2\/types\/product"}],"wp:featuredmedia":[{"embeddable":true,"href":"https:\/\/www.multicasa.com.br\/inicio\/wp-json\/wp\/v2\/media\/10073"}],"wp:attachment":[{"href":"https:\/\/www.multicasa.com.br\/inicio\/wp-json\/wp\/v2\/media?parent=9996"}],"wp:term":[{"taxonomy":"product_brand","embeddable":true,"href":"https:\/\/www.multicasa.com.br\/inicio\/wp-json\/wp\/v2\/product_brand?post=9996"},{"taxonomy":"product_cat","embeddable":true,"href":"https:\/\/www.multicasa.com.br\/inicio\/wp-json\/wp\/v2\/product_cat?post=9996"},{"taxonomy":"product_tag","embeddable":true,"href":"https:\/\/www.multicasa.com.br\/inicio\/wp-json\/wp\/v2\/product_tag?post=9996"}],"curies":[{"name":"wp","href":"https:\/\/api.w.org\/{rel}","templated":true}]}}